{"id":91,"date":"2016-10-25T12:11:57","date_gmt":"2016-10-25T10:11:57","guid":{"rendered":"http:\/\/iesnavarrovilloslada.educacion.navarra.es\/web\/?page_id=91"},"modified":"2024-06-06T09:53:21","modified_gmt":"2024-06-06T07:53:21","slug":"aulas-virtuales-y-blogs-docentes","status":"publish","type":"page","link":"https:\/\/iesnavarrovilloslada.educacion.navarra.es\/web\/aulas-virtuales-y-blogs-docentes\/","title":{"rendered":"Aulas virtuales y blogs de asignaturas y Departamentos"},"content":{"rendered":"<p>Adem\u00e1s del <a href=\"https:\/\/classroom.google.com\">Classroom de Google<\/a>, donde podr\u00e1s encontrar materiales online para algunos cursos, algunos Departamentos y equipos docentes han abierto las siguientes aulas virtuales y blogs:<\/p>\n<p>Blog del Departamento de Filosof\u00eda (E.S.O.):<a class=\"capsula\" href=\"http:\/\/www.filosofianavarrovilloslada.blogspot.com\/\" target=\"_blank\" rel=\"noopener\">Blog del Departamento de Filosof\u00eda: E.S.O.<\/a><\/p>\n<p>Blog del Departamento de Filosof\u00eda (Bachillerato) :<a class=\"capsula\" href=\"http:\/\/www.filosofianavarrovillosladafyc.blogspot.com\/\" target=\"_blank\" rel=\"noopener\">Blog del Departamento de Filosof\u00eda: Bach.<\/a><\/p>\n<p>Blog del Departamento de Franc\u00e9s del I.E.S. Navarro Villoslada :<a class=\"capsula\" href=\"https:\/\/sites.google.com\/educacion.navarra.es\/iesnavarrovillosladafrances\" target=\"_blank\" rel=\"noopener\">Blog del Departamento de Franc\u00e9s<\/a><\/p>\n<p>Blog Departamento de Religi\u00f3n:\u00a0<a href=\"https:\/\/sites.google.com\/educacion.navarra.es\/religion-navarro-villoslada\/inicio\">Religi\u00f3n<\/a><\/p>\n<p>Blog del Departamento de Tecnolog\u00eda: <a href=\"https:\/\/tecnonavarrovilloslada.wordpress.com\/\" target=\"_blank\" rel=\"noopener\">Tecnolog\u00eda<\/a><\/p>\n","protected":false},"excerpt":{"rendered":"<p>Adem\u00e1s del Classroom de Google, donde podr\u00e1s encontrar materiales online para algunos cursos, algunos Departamentos y equipos docentes han abierto las siguientes aulas virtuales y blogs: Blog del Departamento de Filosof\u00eda (E.S.O.):Blog del Departamento de Filosof\u00eda: E.S.O. Blog del Departamento de Filosof\u00eda (Bachillerato) :Blog del Departamento de Filosof\u00eda: Bach. Blog del Departamento de Franc\u00e9s del [&hellip;]<\/p>\n","protected":false},"author":1,"featured_media":0,"parent":0,"menu_order":0,"comment_status":"closed","ping_status":"closed","template":"","meta":{"_genesis_hide_title":false,"_genesis_hide_breadcrumbs":false,"_genesis_hide_singular_image":false,"_genesis_hide_footer_widgets":false,"_genesis_custom_body_class":"","_genesis_custom_post_class":"","_genesis_layout":"","jetpack_post_was_ever_published":false,"footnotes":"","_links_to":"","_links_to_target":""},"class_list":{"0":"post-91","1":"page","2":"type-page","3":"status-publish","5":"entry"},"jetpack_sharing_enabled":true,"jetpack_shortlink":"https:\/\/wp.me\/P8b6ez-1t","jetpack_likes_enabled":true,"_links":{"self":[{"href":"https:\/\/iesnavarrovilloslada.educacion.navarra.es\/web\/wp-json\/wp\/v2\/pages\/91","targetHints":{"allow":["GET"]}}],"collection":[{"href":"https:\/\/iesnavarrovilloslada.educacion.navarra.es\/web\/wp-json\/wp\/v2\/pages"}],"about":[{"href":"https:\/\/iesnavarrovilloslada.educacion.navarra.es\/web\/wp-json\/wp\/v2\/types\/page"}],"author":[{"embeddable":true,"href":"https:\/\/iesnavarrovilloslada.educacion.navarra.es\/web\/wp-json\/wp\/v2\/users\/1"}],"replies":[{"embeddable":true,"href":"https:\/\/iesnavarrovilloslada.educacion.navarra.es\/web\/wp-json\/wp\/v2\/comments?post=91"}],"version-history":[{"count":8,"href":"https:\/\/iesnavarrovilloslada.educacion.navarra.es\/web\/wp-json\/wp\/v2\/pages\/91\/revisions"}],"predecessor-version":[{"id":6539,"href":"https:\/\/iesnavarrovilloslada.educacion.navarra.es\/web\/wp-json\/wp\/v2\/pages\/91\/revisions\/6539"}],"wp:attachment":[{"href":"https:\/\/iesnavarrovilloslada.educacion.navarra.es\/web\/wp-json\/wp\/v2\/media?parent=91"}],"curies":[{"name":"wp","href":"https:\/\/api.w.org\/{rel}","templated":true}]}}