{"id":792,"date":"2017-12-26T18:06:50","date_gmt":"2017-12-26T17:06:50","guid":{"rendered":"http:\/\/iesnavarrovilloslada.educacion.navarra.es\/web\/?page_id=792"},"modified":"2026-02-11T11:48:51","modified_gmt":"2026-02-11T10:48:51","slug":"que-es-el-bi","status":"publish","type":"page","link":"https:\/\/iesnavarrovilloslada.educacion.navarra.es\/web\/que-es-el-bi\/","title":{"rendered":"\u00bfQu\u00e9 es el Programa del Diploma del IB?"},"content":{"rendered":"<p>El <strong>Programa del Diploma<\/strong> del IB (International Baccalaureate) es un completo programa educativo con mentalidad internacional, de <strong>dos a\u00f1os<\/strong> de duraci\u00f3n, innovador, actualizado, equilibrado y exigente, que se caracteriza por una filosof\u00eda, un programa de estudios y unos sistemas de evaluaci\u00f3n propios reconocidos por su calidad en universidades de todo el mundo, dise\u00f1ados por una organizaci\u00f3n internacional sin \u00e1nimo de lucro.<\/p>\n<p>El programa, que se cursa en <strong>castellano<\/strong>, ofrece un curr\u00edculum pensado para alumnado que ha terminado 4\u00ba de ESO y quiere <strong>desarrollar al m\u00e1ximo sus capacidades<\/strong> y <strong>prepararse para el mundo universitario con m\u00e1s profundidad y madurez<\/strong>. Adem\u00e1s, <strong>facilita la entrada a los grados universitarios<\/strong> ya que ofrece una v\u00eda alternativa de acceso. As\u00ed mismo, los programas del IB transcienden el desarrollo intelectual y el e\u0301xito acade\u0301mico, ya que tienen como objetivo el <strong>desarrollo de una mentalidad internacional<\/strong> en un contexto global.<\/p>\n<h2>Los estudios<\/h2>\n<blockquote>\n<figure id=\"attachment_795\" aria-describedby=\"caption-attachment-795\" style=\"width: 300px\" class=\"wp-caption alignleft\"><a href=\"http:\/\/iesnavarrovilloslada.educacion.navarra.es\/web\/wp-content\/uploads\/2017\/12\/dp-model-es.png\"><img fetchpriority=\"high\" decoding=\"async\" data-attachment-id=\"795\" data-permalink=\"https:\/\/iesnavarrovilloslada.educacion.navarra.es\/web\/que-es-el-bi\/dp-model-es\/\" data-orig-file=\"https:\/\/iesnavarrovilloslada.educacion.navarra.es\/web\/wp-content\/uploads\/2017\/12\/dp-model-es.png\" data-orig-size=\"1125,1125\" data-comments-opened=\"1\" data-image-meta=\"{&quot;aperture&quot;:&quot;0&quot;,&quot;credit&quot;:&quot;&quot;,&quot;camera&quot;:&quot;&quot;,&quot;caption&quot;:&quot;&quot;,&quot;created_timestamp&quot;:&quot;0&quot;,&quot;copyright&quot;:&quot;&quot;,&quot;focal_length&quot;:&quot;0&quot;,&quot;iso&quot;:&quot;0&quot;,&quot;shutter_speed&quot;:&quot;0&quot;,&quot;title&quot;:&quot;&quot;,&quot;orientation&quot;:&quot;0&quot;}\" data-image-title=\"dp-model-es\" data-image-description=\"\" data-image-caption=\"\" data-medium-file=\"https:\/\/iesnavarrovilloslada.educacion.navarra.es\/web\/wp-content\/uploads\/2017\/12\/dp-model-es-300x300.png\" data-large-file=\"https:\/\/iesnavarrovilloslada.educacion.navarra.es\/web\/wp-content\/uploads\/2017\/12\/dp-model-es-1024x1024.png\" class=\"wp-image-795 size-medium\" src=\"https:\/\/iesnavarrovilloslada.educacion.navarra.es\/web\/wp-content\/uploads\/2017\/12\/dp-model-es-300x300.png\" alt=\"\" width=\"300\" height=\"300\" srcset=\"https:\/\/iesnavarrovilloslada.educacion.navarra.es\/web\/wp-content\/uploads\/2017\/12\/dp-model-es-300x300.png 300w, https:\/\/iesnavarrovilloslada.educacion.navarra.es\/web\/wp-content\/uploads\/2017\/12\/dp-model-es-150x150.png 150w, https:\/\/iesnavarrovilloslada.educacion.navarra.es\/web\/wp-content\/uploads\/2017\/12\/dp-model-es-768x768.png 768w, https:\/\/iesnavarrovilloslada.educacion.navarra.es\/web\/wp-content\/uploads\/2017\/12\/dp-model-es-1024x1024.png 1024w, https:\/\/iesnavarrovilloslada.educacion.navarra.es\/web\/wp-content\/uploads\/2017\/12\/dp-model-es-75x75.png 75w, https:\/\/iesnavarrovilloslada.educacion.navarra.es\/web\/wp-content\/uploads\/2017\/12\/dp-model-es-45x45.png 45w, https:\/\/iesnavarrovilloslada.educacion.navarra.es\/web\/wp-content\/uploads\/2017\/12\/dp-model-es.png 1125w\" sizes=\"(max-width: 300px) 100vw, 300px\" \/><\/a><figcaption id=\"caption-attachment-795\" class=\"wp-caption-text\">\u00a9 Organizaci\u00f3n del Bachillerato Internacional, 2024<\/figcaption><\/figure><\/blockquote>\n<p>Adem\u00e1s de incluir <strong>trabajos de investigaci\u00f3n y exploraci\u00f3n en todas las asignaturas<\/strong>, as\u00ed como actividades de <strong>expresi\u00f3n oral<\/strong> que te preparan para la vida universitaria y profesional, ofrece tres <strong>componentes troncales que marcan<\/strong> completamente <strong>la diferencia<\/strong> con respecto a cualquier otro bachillerato:<\/p>\n<ul>\n<li><strong>Monograf\u00eda<\/strong>: investigaci\u00f3n adicional espec\u00edfica sobre un \u00e1rea de inter\u00e9s personal del alumnado, plasmada en un trabajo escrito de 4.000 palabras, que supone una experiencia culminante de los aprendizajes del Programa del Diploma del IB.<\/li>\n<li><strong>Creatividad, Actividad y Servicio (CAS)<\/strong>: actividades de voluntariado orientado a su comunidad m\u00e1s cercana. El trabajo en el programa de CAS se lleva a cabo de manera regular, durante al menos 18 meses. Aunque no se eval\u00faa de manera formal, los alumnos participan en experiencias enfocadas al logro de siete resultados de aprendizaje; as\u00ed mismo deben realizar un proyecto de CAS.<\/li>\n<li><strong>Teor\u00eda del conocimiento (TdC)<\/strong>: TdC es un curso dedicado al pensamiento cri\u0301tico y a la indagacio\u0301n sobre el proceso de conocer. El curso explora la naturaleza del conocimiento en una serie de disciplinas, y ofrece la oportunidad para pensar en su formaci\u00f3n de forma conectada y no parcelada.<\/li>\n<\/ul>\n<p>El resto de asignaturas, similares en cuanto al nombre a las de Bachillerato ordinario, tienen enfoques diferentes y se adaptan de forma que puedan cubrirse los requisitos de ambos bachilleratos (ver p\u00e1gina <a href=\"https:\/\/wp.me\/P8b6ez-cG\" target=\"_blank\" rel=\"noopener\">Nuestro IB<\/a>).<\/p>\n<p>Desde el punto de vista del curr\u00edculo del Bachillerato Internacional, l<span style=\"font-weight: 400;\">os estudiantes del PD estudian seis asignaturas. Tres de estas asignaturas deben estudiarse en el Nivel Superior y 3 en el nivel medio. Deben dedicarse 240 horas lectivas a cada asignatura del NS y 150 horas lectivas a las asignaturas del NM. En <\/span><b>nuestro centro <\/b><span style=\"font-weight: 400;\">se cursan las siguientes:<\/span><\/p>\n<table>\n<tbody>\n<tr>\n<td><b>\u00a0Orientaci\u00f3n Ingenier\u00eda-Ciencias Salud<\/b><\/td>\n<td><b>Nivel<\/b><\/td>\n<td><b>Grupo<\/b><\/td>\n<\/tr>\n<tr>\n<td><span style=\"font-weight: 400;\">Lengua A : Lengua y Literatura<\/span><\/td>\n<td><span style=\"font-weight: 400;\">NM<\/span><\/td>\n<td><span style=\"font-weight: 400;\">Estudios de Lengua y Literatura<\/span><\/td>\n<\/tr>\n<tr>\n<td><span style=\"font-weight: 400;\">Lengua B: Ingl\u00e9s<\/span><\/td>\n<td><span style=\"font-weight: 400;\">NS<\/span><\/td>\n<td><span style=\"font-weight: 400;\">Adquisici\u00f3n de Lenguas<\/span><\/td>\n<\/tr>\n<tr>\n<td><span style=\"font-weight: 400;\">Historia<\/span><\/td>\n<td><span style=\"font-weight: 400;\">NM<\/span><\/td>\n<td><span style=\"font-weight: 400;\">Individuos y sociedades<\/span><\/td>\n<\/tr>\n<tr>\n<td><span style=\"font-weight: 400;\">Biolog\u00eda<\/span><\/td>\n<td><span style=\"font-weight: 400;\">NS<\/span><\/td>\n<td><span style=\"font-weight: 400;\">Ciencias<\/span><\/td>\n<\/tr>\n<tr>\n<td><span style=\"font-weight: 400;\">Qu\u00edmica <\/span><\/td>\n<td><span style=\"font-weight: 400;\">NS<\/span><\/td>\n<td><span style=\"font-weight: 400;\">Ciencias<\/span><\/td>\n<\/tr>\n<tr>\n<td><span style=\"font-weight: 400;\">F\u00edsica <\/span><\/td>\n<td><span style=\"font-weight: 400;\">NS<\/span><\/td>\n<td><span style=\"font-weight: 400;\">Ciencias<\/span><\/td>\n<\/tr>\n<tr>\n<td><span style=\"font-weight: 400;\">Matem\u00e1ticas: An\u00e1lisis y enfoques<br \/>\n<\/span><\/td>\n<td><span style=\"font-weight: 400;\">NM<\/span><\/td>\n<td><span style=\"font-weight: 400;\">Matem\u00e1ticas<\/span><\/td>\n<\/tr>\n<\/tbody>\n<\/table>\n<table>\n<tbody>\n<tr>\n<td><b>Orientaci\u00f3n Sociales<\/b><\/td>\n<td><b>Nivel<\/b><\/td>\n<td><b>Grupo<\/b><\/td>\n<\/tr>\n<tr>\n<td>Lengua A : Lengua y Literatura<\/td>\n<td>NS<\/td>\n<td>Estudios de Lengua y Literatura<\/td>\n<\/tr>\n<tr>\n<td>Lengua B: Ingl\u00e9s<\/td>\n<td>NS<\/td>\n<td>Adquisici\u00f3n de Lenguas<\/td>\n<\/tr>\n<tr>\n<td>Historia<\/td>\n<td>NM<\/td>\n<td>Individuos y sociedades<\/td>\n<\/tr>\n<tr>\n<td>Sistemas Ambientales y Sociedades<\/td>\n<td>NM<\/td>\n<td>Ciencias<\/td>\n<\/tr>\n<tr>\n<td>Gesti\u00f3n Empresarial<\/td>\n<td>NS<\/td>\n<td>Individuos y sociedades<\/td>\n<\/tr>\n<tr>\n<td>Matem\u00e1ticas: Aplicaciones e interpretaciones<\/td>\n<td>NM<\/td>\n<td>Matem\u00e1ticas<\/td>\n<\/tr>\n<tr>\n<td><\/td>\n<td><\/td>\n<td><\/td>\n<\/tr>\n<\/tbody>\n<\/table>\n<p>Para conocer exactamente la configuraci\u00f3n del PD que ofrecemos y los res\u00famenes de las asignaturas, visita la p\u00e1gina <a href=\"https:\/\/wp.me\/P8b6ez-cG\" target=\"_blank\" rel=\"noopener\">Nuestro IB<\/a>.<\/p>\n<h2>La evaluaci\u00f3n<\/h2>\n<p>La mayor parte de la evaluaci\u00f3n es <strong>externa<\/strong> a trav\u00e9s de ex\u00e1menes enviados a evaluadores externos. <strong>Algunas<\/strong> evaluaciones formales son <strong>internas<\/strong>, y requieren que el profesorado califique el trabajo del alumnado de acuerdo con los est\u00e1ndares aceptados del IB. Posteriormente, el est\u00e1ndar del profesorado es confirmado o moderado por personas que moderan externamente el trabajo.<\/p>\n<p>Seg\u00fan los datos que ofrece el IB, los centros espa\u00f1oles est\u00e1n por encima de la media.<\/p>\n<h2>La comunidad de aprendizaje<\/h2>\n<p class=\"Default\">El perfil de la comunidad de aprendizaje del IB es la declaraci\u00f3n de principios del Bachillerato Internacional (IB) traducida en un conjunto de objetivos de aprendizaje para el siglo XXI. Como miembros de la comunidad de aprendizaje del IB nos esforzamos por ser:<\/p>\n<ul>\n<li>Indagadores<\/li>\n<li>Informados e instruidos<\/li>\n<li>Pensadores<\/li>\n<li>Buenos comunicadores<\/li>\n<li>\u00cdntegros<\/li>\n<li>De mentalidad abierta<\/li>\n<li>Solidarios<\/li>\n<li>Audaces<\/li>\n<li>Equilibrados<\/li>\n<li>Reflexivos<\/li>\n<\/ul>\n<p><a href=\"https:\/\/www.ibo.org\/globalassets\/new-structure\/about-the-ib\/pdfs\/learner-profile-es.pdf\"><img decoding=\"async\" data-attachment-id=\"7458\" data-permalink=\"https:\/\/iesnavarrovilloslada.educacion.navarra.es\/web\/que-es-el-bi\/perfil-de-la-comunidad-de-aprendizaje-bi_page-0001\/\" data-orig-file=\"https:\/\/iesnavarrovilloslada.educacion.navarra.es\/web\/wp-content\/uploads\/2025\/04\/Perfil-de-la-comunidad-de-aprendizaje-BI_page-0001.jpg\" data-orig-size=\"1241,1754\" data-comments-opened=\"0\" data-image-meta=\"{&quot;aperture&quot;:&quot;0&quot;,&quot;credit&quot;:&quot;&quot;,&quot;camera&quot;:&quot;&quot;,&quot;caption&quot;:&quot;&quot;,&quot;created_timestamp&quot;:&quot;0&quot;,&quot;copyright&quot;:&quot;&quot;,&quot;focal_length&quot;:&quot;0&quot;,&quot;iso&quot;:&quot;0&quot;,&quot;shutter_speed&quot;:&quot;0&quot;,&quot;title&quot;:&quot;&quot;,&quot;orientation&quot;:&quot;0&quot;}\" data-image-title=\"Perfil de la comunidad de aprendizaje BI_page-0001\" data-image-description=\"\" data-image-caption=\"\" data-medium-file=\"https:\/\/iesnavarrovilloslada.educacion.navarra.es\/web\/wp-content\/uploads\/2025\/04\/Perfil-de-la-comunidad-de-aprendizaje-BI_page-0001-212x300.jpg\" data-large-file=\"https:\/\/iesnavarrovilloslada.educacion.navarra.es\/web\/wp-content\/uploads\/2025\/04\/Perfil-de-la-comunidad-de-aprendizaje-BI_page-0001-725x1024.jpg\" class=\"alignnone wp-image-7458 size-medium\" src=\"https:\/\/iesnavarrovilloslada.educacion.navarra.es\/web\/wp-content\/uploads\/2025\/04\/Perfil-de-la-comunidad-de-aprendizaje-BI_page-0001-212x300.jpg\" alt=\"\" width=\"212\" height=\"300\" srcset=\"https:\/\/iesnavarrovilloslada.educacion.navarra.es\/web\/wp-content\/uploads\/2025\/04\/Perfil-de-la-comunidad-de-aprendizaje-BI_page-0001-212x300.jpg 212w, https:\/\/iesnavarrovilloslada.educacion.navarra.es\/web\/wp-content\/uploads\/2025\/04\/Perfil-de-la-comunidad-de-aprendizaje-BI_page-0001-725x1024.jpg 725w, https:\/\/iesnavarrovilloslada.educacion.navarra.es\/web\/wp-content\/uploads\/2025\/04\/Perfil-de-la-comunidad-de-aprendizaje-BI_page-0001-768x1085.jpg 768w, https:\/\/iesnavarrovilloslada.educacion.navarra.es\/web\/wp-content\/uploads\/2025\/04\/Perfil-de-la-comunidad-de-aprendizaje-BI_page-0001-1087x1536.jpg 1087w, https:\/\/iesnavarrovilloslada.educacion.navarra.es\/web\/wp-content\/uploads\/2025\/04\/Perfil-de-la-comunidad-de-aprendizaje-BI_page-0001.jpg 1241w\" sizes=\"(max-width: 212px) 100vw, 212px\" \/><\/a><\/p>\n<p>En la actualidad, el IB cuenta con m\u00e1s de <strong>1,9 millones de alumnos<\/strong> en m\u00e1s de 6.042<strong>\u00a0centros<\/strong> de 160 pa\u00edses. En el momento de actualizar esta p\u00e1gina (11 de febrero de 2026), <strong>en Espa\u00f1a hay 255 centros<\/strong> que ofrecen programas del IB.<\/p>\n<p>Dentro de la ense\u00f1anza p\u00fablica, hay ya <strong>77 institutos p\u00fablicos ofreciendo el programa<\/strong>: <a href=\"http:\/\/www.ibo.org\/es\/programmes\/find-an-ib-school\/?SearchFields.Region=&amp;SearchFields.Country=ES&amp;SearchFields.Keywords=&amp;SearchFields.Language=&amp;SearchFields.BoardingFacilities=&amp;SearchFields.SchoolGender=&amp;SearchFields.TypePublic=true\" target=\"_blank\" rel=\"noopener\">ver listado<\/a>.<\/p>\n<p>Algunos centros p\u00fablicos de nuestro alrededor, como el IES Sagasta (Logro\u00f1o) llevan desde el curso 86-87 ofreci\u00e9ndolo. Otros centros p\u00fablicos con una larga trayectoria en el IB, en Comunidades pr\u00f3ximas a Navarra, son el IES Lucas Mallada (Huesca), el IES Cardenal L\u00f3pez de Mendoza (Burgos) y el IES Lancia (Le\u00f3n).<\/p>\n<p>Hasta ahora, los alumnos y alumnas de Navarra que quer\u00edan cursar el IB se ten\u00edan que marchar a esas ciudades. Nuestro centro quiere tambi\u00e9n responder a esa necesidad.<\/p>\n<h2>POL\u00cdTICAS<\/h2>\n<p>Las pol\u00edticas del Programa del Diploma de Bachillerato Internacional son:<\/p>\n<ul>\n<li>Pol\u00edtica de <a href=\"https:\/\/drive.google.com\/file\/d\/1SywP3a0-a0AKTv6wZ_mHCooJcdZ0ahVX\/view?usp=sharing\" target=\"_blank\" rel=\"noopener\">admisi\u00f3n<\/a>.<\/li>\n<li>Pol\u00edtica de <a href=\"https:\/\/drive.google.com\/file\/d\/1zdfZSz5MqII63L6MPIcpo6fvThQ8Z8by\/view?usp=sharing\" target=\"_blank\" rel=\"noopener\">acceso e inclusi\u00f3n<\/a>.<\/li>\n<li>Pol\u00edtica de <a href=\"https:\/\/drive.google.com\/file\/d\/12tFOUSYbhMEHW0kfdLUOrZR5tBhqrAM2\/view?usp=sharing\" target=\"_blank\" rel=\"noopener\">evaluaci\u00f3n<\/a>.<\/li>\n<li>Pol\u00edtica de <a href=\"https:\/\/drive.google.com\/file\/d\/12Wu36qDJBoNh1cDmbRidSeXgDFGrF8x-\/view?usp=sharing\" target=\"_blank\" rel=\"noopener\">integridad acad\u00e9mica<\/a>.<\/li>\n<li>Pol\u00edtica <a href=\"https:\/\/drive.google.com\/file\/d\/1sKIE0UIqG0Wt3HGxgFvZeMjGMob6A8yc\/view?usp=sharing\" target=\"_blank\" rel=\"noopener\">ling\u00fc\u00edstica<\/a>.<\/li>\n<\/ul>\n<h2><\/h2>\n<h2>Web oficial en espa\u00f1ol:\u00a0<a href=\"http:\/\/www.ibo.org\/es\/\" target=\"_blank\" rel=\"noopener\"><strong>http:\/\/www.ibo.org\/es\/<\/strong><\/a><\/h2>\n","protected":false},"excerpt":{"rendered":"<p>El Programa del Diploma del IB (International Baccalaureate) es un completo programa educativo con mentalidad internacional, de dos a\u00f1os de duraci\u00f3n, innovador, actualizado, equilibrado y exigente, que se caracteriza por una filosof\u00eda, un programa de estudios y unos sistemas de evaluaci\u00f3n propios reconocidos por su calidad en universidades de todo el mundo, dise\u00f1ados por una [&hellip;]<\/p>\n","protected":false},"author":1,"featured_media":0,"parent":0,"menu_order":0,"comment_status":"closed","ping_status":"closed","template":"","meta":{"_genesis_hide_title":false,"_genesis_hide_breadcrumbs":false,"_genesis_hide_singular_image":false,"_genesis_hide_footer_widgets":false,"_genesis_custom_body_class":"","_genesis_custom_post_class":"","_genesis_layout":"","jetpack_post_was_ever_published":false,"footnotes":"","_links_to":"","_links_to_target":""},"class_list":{"0":"post-792","1":"page","2":"type-page","3":"status-publish","5":"entry","6":"has-post-thumbnail"},"jetpack_sharing_enabled":true,"jetpack_shortlink":"https:\/\/wp.me\/P8b6ez-cM","jetpack_likes_enabled":true,"_links":{"self":[{"href":"https:\/\/iesnavarrovilloslada.educacion.navarra.es\/web\/wp-json\/wp\/v2\/pages\/792","targetHints":{"allow":["GET"]}}],"collection":[{"href":"https:\/\/iesnavarrovilloslada.educacion.navarra.es\/web\/wp-json\/wp\/v2\/pages"}],"about":[{"href":"https:\/\/iesnavarrovilloslada.educacion.navarra.es\/web\/wp-json\/wp\/v2\/types\/page"}],"author":[{"embeddable":true,"href":"https:\/\/iesnavarrovilloslada.educacion.navarra.es\/web\/wp-json\/wp\/v2\/users\/1"}],"replies":[{"embeddable":true,"href":"https:\/\/iesnavarrovilloslada.educacion.navarra.es\/web\/wp-json\/wp\/v2\/comments?post=792"}],"version-history":[{"count":34,"href":"https:\/\/iesnavarrovilloslada.educacion.navarra.es\/web\/wp-json\/wp\/v2\/pages\/792\/revisions"}],"predecessor-version":[{"id":8418,"href":"https:\/\/iesnavarrovilloslada.educacion.navarra.es\/web\/wp-json\/wp\/v2\/pages\/792\/revisions\/8418"}],"wp:attachment":[{"href":"https:\/\/iesnavarrovilloslada.educacion.navarra.es\/web\/wp-json\/wp\/v2\/media?parent=792"}],"curies":[{"name":"wp","href":"https:\/\/api.w.org\/{rel}","templated":true}]}}