{"id":786,"date":"2017-12-26T18:33:36","date_gmt":"2017-12-26T17:33:36","guid":{"rendered":"http:\/\/iesnavarrovilloslada.educacion.navarra.es\/web\/?page_id=786"},"modified":"2026-02-11T11:53:30","modified_gmt":"2026-02-11T10:53:30","slug":"nuestro-bi","status":"publish","type":"page","link":"https:\/\/iesnavarrovilloslada.educacion.navarra.es\/web\/nuestro-bi\/","title":{"rendered":"Nuestro IB"},"content":{"rendered":"\n<p>Ofrecemos un Programa del Diploma del Bachillerato Internacional de Ciencias Sociales y de Ciencias (con las opciones de Salud e Ingenier\u00eda) con buenos resultados tanto en IB como en PAU (selectividad). Se cursa en castellano. Si te gusta hacerte preguntas y la investigaci\u00f3n, es un completo programa que va m\u00e1s all\u00e1 de otros bachilleratos con asignatura de investigaci\u00f3n. Los enfoques de las asignaturas son diferentes y te permitir\u00e1 desarrollar tus capacidades a otro nivel.<\/p>\n\n\n\n<p>Comenzamos a impartirlo en el curso 2015-16, como oferta diferenciada en la ense\u00f1anza p\u00fablica que quer\u00eda atender a perfiles de alumnado que quer\u00edan prepararse con m\u00e1s profundidad para la Universidad.<\/p>\n\n\n\n<p>Se distingue por los siguientes elementos:<\/p>\n\n\n\n<ul class=\"wp-block-list\">\n<li><span style=\"font-weight: 400;\">Dedicaci\u00f3n a tareas de investigaci\u00f3n:<\/span>\n<ul class=\"wp-block-list\">\n<li><span style=\"font-weight: 400;\">Uso intensivo de laboratorios en F\u00edsica (60 horas), Qu\u00edmica (60 horas) y Biolog\u00eda (60 horas)<\/span>.<\/li>\n\n\n\n<li><span style=\"font-weight: 400;\">Elaboraci\u00f3n de informes de investigaci\u00f3n para las pr\u00e1cticas en laboratorio.<\/span><\/li>\n\n\n\n<li><span style=\"font-weight: 400;\">Tareas de investigaci\u00f3n tutorizadas.<\/span><\/li>\n\n\n\n<li><span style=\"font-weight: 400;\">Iniciaci\u00f3n al trabajo de investigaci\u00f3n: manejo de gestores bibliogr\u00e1ficos, citaci\u00f3n APA, consulta a bases de datos bibliogr\u00e1ficas, criterios de evaluaci\u00f3n de fuentes bibliogr\u00e1ficas.<\/span><\/li>\n\n\n\n<li><span style=\"font-weight: 400;\">Como experiencia culminante del programa, realizaci\u00f3n de una monograf\u00eda de 4000 palabras (entre 1\u00ba y 2\u00ba) sobre un tema de su inter\u00e9s. El centro asigna una persona para supervisar el trabajo.<\/span><\/li>\n<\/ul>\n<\/li>\n\n\n\n<li><span style=\"font-weight: 400;\">Reflexi\u00f3n sobre el mundo que les rodea, como componente de varias asignaturas.<\/span><\/li>\n\n\n\n<li><span style=\"font-weight: 400;\">Desarrollo de la capacidad oral: tareas orales grabadas en Ingl\u00e9s y Lengua.<\/span><\/li>\n\n\n\n<li><span style=\"font-weight: 400;\">Utilizaci\u00f3n de tecnolog\u00edas inform\u00e1ticas basadas en simulaci\u00f3n<\/span>.<\/li>\n\n\n\n<li><span style=\"font-weight: 400;\">Servicio a la comunidad a trav\u00e9s de la asignatura CAS (Creatividad, Acci\u00f3n y Servicio)<\/span><\/li>\n\n\n\n<li><span style=\"font-weight: 400;\">\u00c9nfasis en la comprensi\u00f3n m\u00e1s que en la memorizaci\u00f3n.<\/span><\/li>\n\n\n\n<li><span style=\"font-weight: 400;\">\u00c9nfasis en el planteamiento de situaciones desafiantes: el aprendizaje no es mec\u00e1nico y enfrenta al alumnado a situaciones nuevas, a las que tiene que responder.<\/span><\/li>\n\n\n\n<li><span style=\"font-weight: 400;\">Adquisici\u00f3n de destrezas de colaboraci\u00f3n entre iguales y con adultos (por el planteamiento de las tareas de investigaci\u00f3n, CAS\u2026)<\/span><\/li>\n\n\n\n<li><span style=\"font-weight: 400;\">Preparaci\u00f3n tambi\u00e9n de la prueba de <\/span>PAU.<\/li>\n<\/ul>\n\n\n\n<p>V\u00eddeo sobre los trabajos en laboratorio de F\u00edsica y Qu\u00edmica (realizado por alumnado del BI del centro):<\/p>\n\n\n<p><a href=\"https:\/\/vimeo.com\/252565152\">https:\/\/vimeo.com\/252565152<\/a><\/p>\n\n\n\n<h5 class=\"wp-block-heading\"><strong>\u00bfY qu\u00e9 es eso de CAS?<\/strong><\/h5>\n\n\n\n<p>Nuestro alumnado te lo explica en esta p\u00e1gina que construy\u00f3 un grupo en CAS: <a href=\"https:\/\/descubresobrecas.wixsite.com\/ibycas\/actividades-cas\" target=\"_blank\" rel=\"noopener\">https:\/\/descubresobrecas.wixsite.com\/ibycas\/actividades-cas<\/a><\/p>\n\n\n\n<p>Las asignaturas del Diploma del IB se cursan durante dos a\u00f1os. Ofrecemos los enlaces a informaci\u00f3n adicional sobre las asignaturas. La oferta educativa queda configurada de la siguiente forma:<\/p>\n\n\n\n<h1 class=\"wp-block-heading\">OPCIONES DE INGENIER\u00cdA Y SALUD<\/h1>\n\n\n\n<h3 class=\"wp-block-heading\">1\u00ba de Bachillerato Internacional (Programa del Diploma del IB) Ingenier\u00eda\/Salud<\/h3>\n\n\n\n<p>32 horas lectivas (frente a 30 horas en Bachillerato ordinario)<\/p>\n\n\n\n<figure class=\"wp-block-table\"><table><tbody><tr><td><b>Asignatura<\/b><\/td><td><b>Horas<\/b><\/td><td><b> Curr\u00edculo que estudian<\/b><\/td><\/tr><tr><td><a href=\"https:\/\/ibo.org\/contentassets\/5895a05412144fe890312bad52b17044\/curriculum.brief-languagea.language.and.literature-spa.pdf\" target=\"_blank\" rel=\"noreferrer noopener\"><span style=\"font-weight: 400;\">Lengua A : Lengua y Literatura<\/span> NM<\/a><\/td><td><span style=\"font-weight: 400;\">3 h<\/span><\/td><td><span style=\"font-weight: 400;\">IB+<\/span>PAU<\/td><\/tr><tr><td><a href=\"https:\/\/ibo.org\/contentassets\/5895a05412144fe890312bad52b17044\/lang-b-2018-sp.pdf\" target=\"_blank\" rel=\"noreferrer noopener\"><span style=\"font-weight: 400;\">Lengua B: Ingl\u00e9s<\/span> NS<\/a><\/td><td><span style=\"font-weight: 400;\">5 h<\/span><\/td><td><span style=\"font-weight: 400;\">IB+<\/span>PAU<\/td><\/tr><tr><td><a href=\"https:\/\/ibo.org\/globalassets\/new-structure\/programmes\/dp\/pdfs\/history-sl-2020-spa.pdf\" target=\"_blank\" rel=\"noreferrer noopener\"><span style=\"font-weight: 400;\">Historia<\/span> NM<\/a><\/td><td><span style=\"font-weight: 400;\">3 h<\/span><\/td><td><span style=\"font-weight: 400;\">IB+<\/span>PAU<\/td><\/tr><tr><td><a href=\"https:\/\/ibo.org\/globalassets\/new-structure\/about-the-ib\/pdfs\/dp_sciences_chemistry_subject-brief_s.pdf\" target=\"_blank\" rel=\"noreferrer noopener\"><span style=\"font-weight: 400;\">Qu\u00edmica<\/span> NS<\/a><\/td><td><span style=\"font-weight: 400;\">5 h<\/span><\/td><td><span style=\"font-weight: 400;\">IB+<\/span>PAU<\/td><\/tr><tr><td><a href=\"https:\/\/ibo.org\/contentassets\/5895a05412144fe890312bad52b17044\/subject-brief-dp-math-analysis-and-approaches-es.pdf\" target=\"_blank\" rel=\"noreferrer noopener\"><span style=\"font-weight: 400;\">Matem\u00e1ticas<\/span>: an\u00e1lisis y enfoques NM<\/a><\/td><td><span style=\"font-weight: 400;\">4 h<\/span><\/td><td><span style=\"font-weight: 400;\">IB+<\/span>PAU<\/td><\/tr><tr><td><span style=\"font-weight: 400;\">Educaci\u00f3n F\u00edsica<\/span> + <a rel=\"noreferrer noopener\" href=\"https:\/\/ibo.org\/contentassets\/5895a05412144fe890312bad52b17044\/cas-spanish-final-web.pdf\" target=\"_blank\">CAS (Creatividad, Actividad y Servicio)<\/a><\/td><td><span style=\"font-weight: 400;\">2 h<\/span><\/td><td>IB+<span style=\"font-weight: 400;\">Bachillerato ordinario<\/span><\/td><\/tr><tr><td><span style=\"font-weight: 400;\">Filosof\u00eda +<a href=\"https:\/\/ibo.org\/globalassets\/new-structure\/programmes\/dp\/pdfs\/core-tok-2022-es.pdf\" target=\"_blank\" rel=\"noreferrer noopener\"> Teor\u00eda del Conocimiento<\/a><\/span><\/td><td><span style=\"font-weight: 400;\">1 + 2 h<\/span><\/td><td><span style=\"font-weight: 400;\">IB+Bachillerato ordinario<\/span><\/td><\/tr><tr><td><span style=\"font-weight: 400;\"><a href=\"https:\/\/ibo.org\/contentassets\/5895a05412144fe890312bad52b17044\/extended-essay-brief-2016-es.pdf\" target=\"_blank\" rel=\"noreferrer noopener\">Monograf\u00eda (primer a\u00f1o)<\/a><\/span><\/td><td>&nbsp;<\/td><td><span style=\"font-weight: 400;\">IB. Sin asignaci\u00f3n en horario<\/span><\/td><\/tr><\/tbody><\/table><\/figure>\n\n\n\n<p><strong>Opci\u00f3n Salud:<\/strong><\/p>\n\n\n\n<figure class=\"wp-block-table\"><table><tbody><tr><td><span style=\"font-weight: 400;\">F\u00edsica<\/span><\/td><td><span style=\"font-weight: 400;\">2 h<\/span><\/td><td>PAU<\/td><\/tr><tr><td><a href=\"https:\/\/ibo.org\/globalassets\/new-structure\/recognition\/pdfs\/dp_sciences_biology_subject-brief_jan_2022_s.pdf\" target=\"_blank\" rel=\"noreferrer noopener\"><span style=\"font-weight: 400;\">Biolog\u00eda<\/span> NS<\/a><\/td><td><span style=\"font-weight: 400;\">5 h<\/span><\/td><td><span style=\"font-weight: 400;\">IB+<\/span>PAU<\/td><\/tr><\/tbody><\/table><\/figure>\n\n\n\n<p><strong>Opci\u00f3n Ingenier\u00eda:<\/strong><\/p>\n\n\n\n<figure class=\"wp-block-table\"><table><tbody><tr><td><a href=\"https:\/\/ibo.org\/globalassets\/new-structure\/programmes\/dp\/pdfs\/phisycs-hl-spanish-w.pdf\" target=\"_blank\" rel=\"noreferrer noopener\"><span style=\"font-weight: 400;\">F\u00edsica<\/span> NS<\/a><\/td><td><span style=\"font-weight: 400;\">5 h<\/span><\/td><td><span style=\"font-weight: 400;\">IB+<\/span>PAU<\/td><\/tr><tr><td><span style=\"font-weight: 400;\">Dibujo T\u00e9cnico I<\/span><\/td><td><span style=\"font-weight: 400;\">2 h<\/span><\/td><td><\/td><\/tr><\/tbody><\/table><\/figure>\n\n\n\n<h3 class=\"wp-block-heading\">2\u00ba de Bachillerato Internacional (Programa del Diploma) Ingenier\u00eda\/Salud<\/h3>\n\n\n\n<p>31 horas lectivas (frente a 30 horas en Bachillerato ordinario LOMLOE)<\/p>\n\n\n\n<figure class=\"wp-block-table\"><table><tbody><tr><td><b>Asignatura<\/b><\/td><td><b>Horas<\/b><\/td><td><b> Curr\u00edculo<\/b><\/td><\/tr><tr><td><span style=\"font-weight: 400;\">Lengua A : Lengua y Literatura + Lengua Castellana y Literatura<\/span><\/td><td><span style=\"font-weight: 400;\">3 + 1 h<\/span><\/td><td><span style=\"font-weight: 400;\">IB+<\/span>PAU<\/td><\/tr><tr><td><span style=\"font-weight: 400;\">Lengua B: Ingl\u00e9s<\/span><\/td><td><span style=\"font-weight: 400;\">4 h<\/span><\/td><td><span style=\"font-weight: 400;\">IB+<\/span>PAU<\/td><\/tr><tr><td><span style=\"font-weight: 400;\">Historia + Historia de Espa\u00f1a<\/span><\/td><td><span style=\"font-weight: 400;\">3 + 1 h<\/span><\/td><td><span style=\"font-weight: 400;\">IB+<\/span>PAU<\/td><\/tr><tr><td><span style=\"font-weight: 400;\">Qu\u00edmica<\/span><\/td><td><span style=\"font-weight: 400;\">5 h<\/span><\/td><td><span style=\"font-weight: 400;\">IB+<\/span>PAU<\/td><\/tr><tr><td><span style=\"font-weight: 400;\">Matem\u00e1ticas<\/span><\/td><td><span style=\"font-weight: 400;\">4 h<\/span><\/td><td><span style=\"font-weight: 400;\">IB+<\/span>PAU<\/td><\/tr><tr><td><span style=\"font-weight: 400;\">Teor\u00eda del Conocimiento<\/span><\/td><td><span style=\"font-weight: 400;\">3 h<\/span><\/td><td><span style=\"font-weight: 400;\">IB<\/span><\/td><\/tr><tr><td><span style=\"font-weight: 400;\">CAS <\/span><span style=\"font-weight: 400;\">(Creatividad, Acci\u00f3n y Servicio)<\/span><\/td><td><\/td><td><span style=\"font-weight: 400;\">IB<\/span><\/td><\/tr><tr><td><span style=\"font-weight: 400;\">Monograf\u00eda (segundo a\u00f1o)<\/span><\/td><td>&nbsp;<\/td><td><span style=\"font-weight: 400;\">IB. Sin asignaci\u00f3n en horario<\/span><\/td><\/tr><\/tbody><\/table><\/figure>\n\n\n\n<p><span style=\"font-weight: 400;\">Opci\u00f3n Salud:<\/span><\/p>\n\n\n\n<figure class=\"wp-block-table\"><table><tbody><tr><td><span style=\"font-weight: 400;\">TIC II<\/span><\/td><td><span style=\"font-weight: 400;\">2 h<\/span><\/td><td><\/td><\/tr><tr><td><span style=\"font-weight: 400;\">Biolog\u00eda<\/span><\/td><td><span style=\"font-weight: 400;\">5 h<\/span><\/td><td><span style=\"font-weight: 400;\">IB+<\/span>PAU<\/td><\/tr><\/tbody><\/table><\/figure>\n\n\n\n<p><span style=\"font-weight: 400;\">Opci\u00f3n Ingenier\u00eda:<\/span><\/p>\n\n\n\n<figure class=\"wp-block-table\"><table><tbody><tr><td><span style=\"font-weight: 400;\">F\u00edsica<\/span><\/td><td><span style=\"font-weight: 400;\">5 h<\/span><\/td><td><span style=\"font-weight: 400;\">IB+<\/span>PAU<\/td><\/tr><tr><td><span style=\"font-weight: 400;\">Dibujo T\u00e9cnico II<\/span><\/td><td><span style=\"font-weight: 400;\">2 h<\/span><\/td><td><\/td><\/tr><\/tbody><\/table><\/figure>\n\n\n\n<h1 class=\"wp-block-heading\">OPCI\u00d3N DE SOCIALES<\/h1>\n\n\n\n<h3 class=\"wp-block-heading\">1\u00ba de Bachillerato Internacional (Programa del Diploma del IB) Sociales<\/h3>\n\n\n\n<p>32 horas lectivas (frente a 30 horas en Bachillerato ordinario LOMLOE)<\/p>\n\n\n\n<figure class=\"wp-block-table\"><table><tbody><tr><td><b>Asignatura<\/b><\/td><td><b>Horas<\/b><\/td><td><b> Curr\u00edculo que estudian<\/b><\/td><\/tr><tr><td><a href=\"https:\/\/ibo.org\/contentassets\/5895a05412144fe890312bad52b17044\/curriculum.brief-languagea.language.and.literature-spa.pdf\" target=\"_blank\" rel=\"noreferrer noopener\"><span style=\"font-weight: 400;\">Lengua A : Lengua y Literatura<\/span> NS<\/a><\/td><td><span style=\"font-weight: 400;\">5 h<\/span><\/td><td><span style=\"font-weight: 400;\">IB+<\/span>PAU<\/td><\/tr><tr><td><a rel=\"noreferrer noopener\" href=\"https:\/\/ibo.org\/contentassets\/5895a05412144fe890312bad52b17044\/lang-b-2018-sp.pdf\" target=\"_blank\"><span style=\"font-weight: 400;\">Lengua B: Ingl\u00e9s<\/span> NS<\/a><\/td><td><span style=\"font-weight: 400;\">5 h<\/span><\/td><td><span style=\"font-weight: 400;\">IB+<\/span>PAU<\/td><\/tr><tr><td><a href=\"https:\/\/ibo.org\/globalassets\/new-structure\/programmes\/dp\/pdfs\/history-sl-2020-spa.pdf\" target=\"_blank\" rel=\"noreferrer noopener\"><span style=\"font-weight: 400;\">Historia<\/span> NM<\/a><\/td><td><span style=\"font-weight: 400;\">3 h<\/span><\/td><td><span style=\"font-weight: 400;\">IB+<\/span>PAU<\/td><\/tr><tr><td><a href=\"https:\/\/ibo.org\/globalassets\/new-structure\/programmes\/dp\/pdfs\/business-management-hl-subject-brief-es.pdf\" target=\"_blank\" rel=\"noreferrer noopener\"><span style=\"font-weight: 400;\">Gesti\u00f3n Empresarial<\/span> NS<\/a><\/td><td><span style=\"font-weight: 400;\">5 h<\/span><\/td><td><span style=\"font-weight: 400;\">IB+<\/span>PAU<\/td><\/tr><tr><td><a href=\"https:\/\/ibo.org\/contentassets\/5895a05412144fe890312bad52b17044\/subject-brief-dp-math-applications-and-interpretations-es.pdf\" target=\"_blank\" rel=\"noreferrer noopener\"><span style=\"font-weight: 400;\">Matem\u00e1ticas<\/span>: aplicaciones e interpretaciones NM<\/a><\/td><td><span style=\"font-weight: 400;\">4 h<\/span><\/td><td><span style=\"font-weight: 400;\">IB+<\/span>PAU<\/td><\/tr><tr><td><span style=\"font-weight: 400;\">Educaci\u00f3n F\u00edsica<\/span> + <a href=\"https:\/\/ibo.org\/contentassets\/5895a05412144fe890312bad52b17044\/cas-spanish-final-web.pdf\" target=\"_blank\" rel=\"noreferrer noopener\">CAS (Creatividad, Actividad y Servicio)<\/a><\/td><td><span style=\"font-weight: 400;\">2 h<\/span><\/td><td><span style=\"font-weight: 400;\">Bachillerato ordinario<\/span> + IB<\/td><\/tr><tr><td><span style=\"font-weight: 400;\">Filosof\u00eda + <a href=\"https:\/\/ibo.org\/globalassets\/new-structure\/programmes\/dp\/pdfs\/core-tok-2022-es.pdf\" target=\"_blank\" rel=\"noreferrer noopener\">Teor\u00eda del Conocimiento<\/a><\/span><\/td><td><span style=\"font-weight: 400;\">1 + 2 h<\/span><\/td><td><span style=\"font-weight: 400;\">IB+Bachillerato ordinario<\/span><\/td><\/tr><tr><td><span style=\"font-weight: 400;\"><a href=\"https:\/\/ibo.org\/globalassets\/new-structure\/university-admission\/pdfs\/environmental-systems-and-societies-subject-brief-es.pdf\" target=\"_blank\" rel=\"noreferrer noopener\">Sistemas Ambientales y Sociedades NM<\/a><\/span><\/td><td><span style=\"font-weight: 400;\">3 h<\/span><\/td><td><span style=\"font-weight: 400;\">IB<\/span><\/td><\/tr><tr><td><span style=\"font-weight: 400;\"><a href=\"https:\/\/ibo.org\/contentassets\/5895a05412144fe890312bad52b17044\/extended-essay-brief-2016-es.pdf\" target=\"_blank\" rel=\"noreferrer noopener\">Monograf\u00eda (primer a\u00f1o)<\/a><\/span><\/td><td>&nbsp;<\/td><td><span style=\"font-weight: 400;\">BI. Sin asignaci\u00f3n en horario<\/span><\/td><\/tr><tr><td>Geograf\u00eda<\/td><td>2 h<\/td><td><\/td><\/tr><\/tbody><\/table><\/figure>\n\n\n\n<h3 class=\"wp-block-heading\"> 2\u00ba de Bachillerato Internacional (Programa del Diploma del IB) Sociales<\/h3>\n\n\n\n<p>31 horas lectivas (frente a 30 horas en Bachillerato ordinario LOMLOE)<\/p>\n\n\n\n<figure class=\"wp-block-table\"><table><tbody><tr><td><strong>Asignatura<\/strong><\/td><td><strong>Horas<\/strong><\/td><td><strong>Curr\u00edculo que estudian<\/strong><\/td><\/tr><tr><td><a rel=\"noreferrer noopener\" href=\"https:\/\/ibo.org\/contentassets\/5895a05412144fe890312bad52b17044\/curriculum.brief-languagea.language.and.literature-spa.pdf\" target=\"_blank\">Lengua A : Lengua y Literatura NS<\/a><\/td><td>5 h<\/td><td>IB+PAU<\/td><\/tr><tr><td><a rel=\"noreferrer noopener\" href=\"https:\/\/ibo.org\/contentassets\/5895a05412144fe890312bad52b17044\/lang-b-2018-sp.pdf\" target=\"_blank\">Lengua B: Ingl\u00e9s NS<\/a><\/td><td>5 h<\/td><td>IB+ PAU<\/td><\/tr><tr><td><a rel=\"noreferrer noopener\" href=\"https:\/\/ibo.org\/globalassets\/new-structure\/programmes\/dp\/pdfs\/history-sl-2020-spa.pdf\" target=\"_blank\">Historia NM<\/a><\/td><td>3 h<\/td><td>IB+PAU<\/td><\/tr><tr><td><a rel=\"noreferrer noopener\" href=\"https:\/\/ibo.org\/globalassets\/new-structure\/programmes\/dp\/pdfs\/business-management-hl-subject-brief-es.pdf\" target=\"_blank\">Gesti\u00f3n Empresarial NS<\/a><\/td><td>5 h<\/td><td>IB+PAU<\/td><\/tr><tr><td><a rel=\"noreferrer noopener\" href=\"https:\/\/ibo.org\/contentassets\/5895a05412144fe890312bad52b17044\/subject-brief-dp-math-applications-and-interpretations-es.pdf\" target=\"_blank\">Matem\u00e1ticas: aplicaciones e interpretaciones NM<\/a><\/td><td>4 h<\/td><td>IB+PAU<\/td><\/tr><tr><td><a rel=\"noreferrer noopener\" href=\"https:\/\/ibo.org\/contentassets\/5895a05412144fe890312bad52b17044\/cas-spanish-final-web.pdf\" target=\"_blank\">CAS (Creatividad, Actividad y Servicio)<\/a><\/td><td><\/td><td>IB<\/td><\/tr><tr><td>Filosof\u00eda + <a rel=\"noreferrer noopener\" href=\"https:\/\/ibo.org\/globalassets\/new-structure\/programmes\/dp\/pdfs\/core-tok-2022-es.pdf\" target=\"_blank\">Teor\u00eda del Conocimiento<\/a><\/td><td>1 + 2 h<\/td><td>IB+Bachillerato ordinario<\/td><\/tr><tr><td><a rel=\"noreferrer noopener\" href=\"https:\/\/ibo.org\/globalassets\/new-structure\/university-admission\/pdfs\/environmental-systems-and-societies-subject-brief-es.pdf\" target=\"_blank\">Sistemas Ambientales y Sociedades NM<\/a><\/td><td>4 h<\/td><td>IB<\/td><\/tr><tr><td><a rel=\"noreferrer noopener\" href=\"https:\/\/ibo.org\/contentassets\/5895a05412144fe890312bad52b17044\/extended-essay-brief-2016-es.pdf\" target=\"_blank\">Monograf\u00eda (primer a\u00f1o)<\/a><\/td><td>&nbsp;<\/td><td>BI. Sin asignaci\u00f3n en horario<\/td><\/tr><tr><td>Geograf\u00eda<\/td><td>2 h<\/td><td><\/td><\/tr><\/tbody><\/table><\/figure>\n","protected":false},"excerpt":{"rendered":"<p>Ofrecemos un Programa del Diploma del Bachillerato Internacional de Ciencias Sociales y de Ciencias (con las opciones de Salud e Ingenier\u00eda) con buenos resultados tanto en IB como en PAU (selectividad). Se cursa en castellano. Si te gusta hacerte preguntas y la investigaci\u00f3n, es un completo programa que va m\u00e1s all\u00e1 de otros bachilleratos con [&hellip;]<\/p>\n","protected":false},"author":1,"featured_media":0,"parent":0,"menu_order":0,"comment_status":"closed","ping_status":"closed","template":"","meta":{"_genesis_hide_title":false,"_genesis_hide_breadcrumbs":false,"_genesis_hide_singular_image":false,"_genesis_hide_footer_widgets":false,"_genesis_custom_body_class":"","_genesis_custom_post_class":"","_genesis_layout":"","jetpack_post_was_ever_published":false,"footnotes":"","_links_to":"","_links_to_target":""},"class_list":{"0":"post-786","1":"page","2":"type-page","3":"status-publish","5":"entry"},"jetpack_sharing_enabled":true,"jetpack_shortlink":"https:\/\/wp.me\/P8b6ez-cG","jetpack_likes_enabled":true,"_links":{"self":[{"href":"https:\/\/iesnavarrovilloslada.educacion.navarra.es\/web\/wp-json\/wp\/v2\/pages\/786","targetHints":{"allow":["GET"]}}],"collection":[{"href":"https:\/\/iesnavarrovilloslada.educacion.navarra.es\/web\/wp-json\/wp\/v2\/pages"}],"about":[{"href":"https:\/\/iesnavarrovilloslada.educacion.navarra.es\/web\/wp-json\/wp\/v2\/types\/page"}],"author":[{"embeddable":true,"href":"https:\/\/iesnavarrovilloslada.educacion.navarra.es\/web\/wp-json\/wp\/v2\/users\/1"}],"replies":[{"embeddable":true,"href":"https:\/\/iesnavarrovilloslada.educacion.navarra.es\/web\/wp-json\/wp\/v2\/comments?post=786"}],"version-history":[{"count":23,"href":"https:\/\/iesnavarrovilloslada.educacion.navarra.es\/web\/wp-json\/wp\/v2\/pages\/786\/revisions"}],"predecessor-version":[{"id":8419,"href":"https:\/\/iesnavarrovilloslada.educacion.navarra.es\/web\/wp-json\/wp\/v2\/pages\/786\/revisions\/8419"}],"wp:attachment":[{"href":"https:\/\/iesnavarrovilloslada.educacion.navarra.es\/web\/wp-json\/wp\/v2\/media?parent=786"}],"curies":[{"name":"wp","href":"https:\/\/api.w.org\/{rel}","templated":true}]}}