{"id":735,"date":"2017-11-08T09:40:33","date_gmt":"2017-11-08T08:40:33","guid":{"rendered":"http:\/\/iesnavarrovilloslada.educacion.navarra.es\/web\/?page_id=735"},"modified":"2025-11-10T07:01:12","modified_gmt":"2025-11-10T06:01:12","slug":"orientacion","status":"publish","type":"page","link":"https:\/\/iesnavarrovilloslada.educacion.navarra.es\/web\/orientacion\/","title":{"rendered":"Orientaci\u00f3n"},"content":{"rendered":"\n<h3 class=\"wp-block-heading\">Orientaline: informaci\u00f3n espec\u00edfica sobre estudios y profesiones<\/h3>\n\n\n\n<p>Desde el instituto te ofrecemos acceso a cuestionarios para ayudarte en la elecci\u00f3n de estudios de Secundaria, FP y Grados, cuestionarios para ayudarte a pensar sobre profesiones, informaci\u00f3n sobre FP y Grados, as\u00ed como otros datos de inter\u00e9s a trav\u00e9s de Orientaline.<\/p>\n\n\n\n<figure class=\"wp-block-image size-full\"><a href=\"https:\/\/www.elorienta.com\/movil\/?yafxb=91808\"><img fetchpriority=\"high\" decoding=\"async\" width=\"1024\" height=\"1024\" data-attachment-id=\"8085\" data-permalink=\"https:\/\/iesnavarrovilloslada.educacion.navarra.es\/web\/orientacion\/portada-3\/\" data-orig-file=\"https:\/\/iesnavarrovilloslada.educacion.navarra.es\/web\/wp-content\/uploads\/2025\/11\/portada.png\" data-orig-size=\"1024,1024\" data-comments-opened=\"0\" data-image-meta=\"{&quot;aperture&quot;:&quot;0&quot;,&quot;credit&quot;:&quot;&quot;,&quot;camera&quot;:&quot;&quot;,&quot;caption&quot;:&quot;&quot;,&quot;created_timestamp&quot;:&quot;0&quot;,&quot;copyright&quot;:&quot;&quot;,&quot;focal_length&quot;:&quot;0&quot;,&quot;iso&quot;:&quot;0&quot;,&quot;shutter_speed&quot;:&quot;0&quot;,&quot;title&quot;:&quot;&quot;,&quot;orientation&quot;:&quot;0&quot;}\" data-image-title=\"portada\" data-image-description=\"\" data-image-caption=\"\" data-medium-file=\"https:\/\/iesnavarrovilloslada.educacion.navarra.es\/web\/wp-content\/uploads\/2025\/11\/portada-300x300.png\" data-large-file=\"https:\/\/iesnavarrovilloslada.educacion.navarra.es\/web\/wp-content\/uploads\/2025\/11\/portada.png\" src=\"https:\/\/iesnavarrovilloslada.educacion.navarra.es\/web\/wp-content\/uploads\/2025\/11\/portada.png\" alt=\"\" class=\"wp-image-8085\" srcset=\"https:\/\/iesnavarrovilloslada.educacion.navarra.es\/web\/wp-content\/uploads\/2025\/11\/portada.png 1024w, https:\/\/iesnavarrovilloslada.educacion.navarra.es\/web\/wp-content\/uploads\/2025\/11\/portada-300x300.png 300w, https:\/\/iesnavarrovilloslada.educacion.navarra.es\/web\/wp-content\/uploads\/2025\/11\/portada-150x150.png 150w, https:\/\/iesnavarrovilloslada.educacion.navarra.es\/web\/wp-content\/uploads\/2025\/11\/portada-768x768.png 768w, https:\/\/iesnavarrovilloslada.educacion.navarra.es\/web\/wp-content\/uploads\/2025\/11\/portada-75x75.png 75w, https:\/\/iesnavarrovilloslada.educacion.navarra.es\/web\/wp-content\/uploads\/2025\/11\/portada-45x45.png 45w, https:\/\/iesnavarrovilloslada.educacion.navarra.es\/web\/wp-content\/uploads\/2025\/11\/portada-65x65.png 65w\" sizes=\"(max-width: 1024px) 100vw, 1024px\" \/><\/a><\/figure>\n\n\n\n<p><\/p>\n\n\n\n<h2 class=\"wp-block-heading\">ORIENTACI\u00d3N ACAD\u00c9MICA 2\u00ba BACHILLERATO:<\/h2>\n\n\n\n<p>Consulta este documento con informaci\u00f3n \u00fatil sobre el acceso a Ciclos Formativos de Grado Superior, Grados Universitarios, Universidades, etc. Informaci\u00f3n actualizada curso actual. <\/p>\n\n\n\n<p><a href=\"https:\/\/view.genially.com\/67801e25bfa3fb6651834611\/presentation-pc2btoorientacion-academica202425\" target=\"_blank\" rel=\"noreferrer noopener\">Orientaci\u00f3n acad\u00e9mica 2\u00ba Bachillerato IES Navarro Villoslada <\/a><\/p>\n\n\n\n<h2 class=\"wp-block-heading\">ORIENTACI\u00d3N ACAD\u00c9MICA 1\u00ba BACHILLERATO:<\/h2>\n\n\n\n<p>Consulta este documento con informaci\u00f3n \u00fatil sobre 2\u00ba BTO, cambio de modalidad y acceso a FP Grado Medio.<\/p>\n\n\n\n<p><a href=\"https:\/\/view.genially.com\/65a46a7a54a1700014429b80\/presentation-curso-24-25-1o-bachillerato\" target=\"_blank\" rel=\"noreferrer noopener\">Orientaci\u00f3n acad\u00e9mica 1\u00ba Bachillerato IES Navarro Villoslada <\/a><\/p>\n\n\n\n<h2 class=\"wp-block-heading\">ORIENTACI\u00d3N ACAD\u00c9MICA 4\u00ba&nbsp;ESO:<\/h2>\n\n\n\n<p>Consulta este documento con informaci\u00f3n \u00fatil sobre el acceso a Ciclos Formativos de Grado Medio, Bachillerato, etc. Informaci\u00f3n actualizada curso actual. <\/p>\n\n\n\n<p><a href=\"https:\/\/view.genial.ly\/65c0dc1c566d910014c124d5\/presentation-4o-eso-nv-orientacion-academica\" target=\"_blank\" rel=\"noreferrer noopener\">Orientaci\u00f3n estudios 4\u00ba ESO IES Navarro Villoslada<\/a><\/p>\n\n\n\n<p class=\"has-medium-font-size\"><strong>ORIENTACI\u00d3N ACAD\u00c9MICA 3\u00ba&nbsp;ESO:<\/strong><\/p>\n\n\n\n<p>Consulta este documento con informaci\u00f3n \u00fatil sobre 4\u00ba ESO.<\/p>\n\n\n\n<p><a href=\"https:\/\/view.genially.com\/67ce067d6ae57e8144f243c9\/presentation-3o-eso-maria\">Orientaci\u00f3n estudios 3\u00ba ESO IES Navarro Villoslada<\/a><\/p>\n\n\n\n<h2 class=\"wp-block-heading\">GU\u00cdAS DE ORIENTACI\u00d3N DE ESTUDIOS:<\/h2>\n\n\n\n<p>Accede desde este enlace a las gu\u00edas de orientaci\u00f3n de estudios que hemos preparado:<\/p>\n\n\n\n<p><a href=\"https:\/\/drive.google.com\/drive\/folders\/1TFKXWR7aCmhgzt0GnYynSr9DU_OTJzEs?usp=share_link\" target=\"_blank\" rel=\"noreferrer noopener\">https:\/\/drive.google.com\/drive\/folders\/1TFKXWR7aCmhgzt0GnYynSr9DU_OTJzEs?usp=share_link<\/a><\/p>\n\n\n\n<p>Esperamos que os sean \u00fatiles.<\/p>\n","protected":false},"excerpt":{"rendered":"<p>Orientaline: informaci\u00f3n espec\u00edfica sobre estudios y profesiones Desde el instituto te ofrecemos acceso a cuestionarios para ayudarte en la elecci\u00f3n de estudios de Secundaria, FP y Grados, cuestionarios para ayudarte a pensar sobre profesiones, informaci\u00f3n sobre FP y Grados, as\u00ed como otros datos de inter\u00e9s a trav\u00e9s de Orientaline. ORIENTACI\u00d3N ACAD\u00c9MICA 2\u00ba BACHILLERATO: Consulta este [&hellip;]<\/p>\n","protected":false},"author":1,"featured_media":0,"parent":0,"menu_order":0,"comment_status":"closed","ping_status":"closed","template":"","meta":{"_genesis_hide_title":false,"_genesis_hide_breadcrumbs":false,"_genesis_hide_singular_image":false,"_genesis_hide_footer_widgets":false,"_genesis_custom_body_class":"","_genesis_custom_post_class":"","_genesis_layout":"","jetpack_post_was_ever_published":false,"footnotes":"","_links_to":"","_links_to_target":""},"class_list":{"0":"post-735","1":"page","2":"type-page","3":"status-publish","5":"entry","6":"has-post-thumbnail"},"jetpack_sharing_enabled":true,"jetpack_shortlink":"https:\/\/wp.me\/P8b6ez-bR","jetpack_likes_enabled":true,"_links":{"self":[{"href":"https:\/\/iesnavarrovilloslada.educacion.navarra.es\/web\/wp-json\/wp\/v2\/pages\/735","targetHints":{"allow":["GET"]}}],"collection":[{"href":"https:\/\/iesnavarrovilloslada.educacion.navarra.es\/web\/wp-json\/wp\/v2\/pages"}],"about":[{"href":"https:\/\/iesnavarrovilloslada.educacion.navarra.es\/web\/wp-json\/wp\/v2\/types\/page"}],"author":[{"embeddable":true,"href":"https:\/\/iesnavarrovilloslada.educacion.navarra.es\/web\/wp-json\/wp\/v2\/users\/1"}],"replies":[{"embeddable":true,"href":"https:\/\/iesnavarrovilloslada.educacion.navarra.es\/web\/wp-json\/wp\/v2\/comments?post=735"}],"version-history":[{"count":25,"href":"https:\/\/iesnavarrovilloslada.educacion.navarra.es\/web\/wp-json\/wp\/v2\/pages\/735\/revisions"}],"predecessor-version":[{"id":8087,"href":"https:\/\/iesnavarrovilloslada.educacion.navarra.es\/web\/wp-json\/wp\/v2\/pages\/735\/revisions\/8087"}],"wp:attachment":[{"href":"https:\/\/iesnavarrovilloslada.educacion.navarra.es\/web\/wp-json\/wp\/v2\/media?parent=735"}],"curies":[{"name":"wp","href":"https:\/\/api.w.org\/{rel}","templated":true}]}}

Orientación

<h3 class="wp-block-heading">Orientaline: información específica sobre estudios y profesiones</h3>



<p>Desde el instituto te ofrecemos acceso a cuestionarios para ayudarte en la elección de estudios de Secundaria, FP y Grados, cuestionarios para ayudarte a pensar sobre profesiones, información sobre FP y Grados, así como otros datos de interés a través de Orientaline.</p>



<figure class="wp-block-image size-full"><a href="https://www.elorienta.com/movil/?yafxb=91808"><img fetchpriority="high" decoding="async" width="1024" height="1024" data-attachment-id="8085" data-permalink="https://iesnavarrovilloslada.educacion.navarra.es/web/orientacion/portada-3/" data-orig-file="https://iesnavarrovilloslada.educacion.navarra.es/web/wp-content/uploads/2025/11/portada.png" data-orig-size="1024,1024" data-comments-opened="0" data-image-meta="{&quot;aperture&quot;:&quot;0&quot;,&quot;credit&quot;:&quot;&quot;,&quot;camera&quot;:&quot;&quot;,&quot;caption&quot;:&quot;&quot;,&quot;created_timestamp&quot;:&quot;0&quot;,&quot;copyright&quot;:&quot;&quot;,&quot;focal_length&quot;:&quot;0&quot;,&quot;iso&quot;:&quot;0&quot;,&quot;shutter_speed&quot;:&quot;0&quot;,&quot;title&quot;:&quot;&quot;,&quot;orientation&quot;:&quot;0&quot;}" data-image-title="portada" data-image-description="" data-image-caption="" data-medium-file="https://iesnavarrovilloslada.educacion.navarra.es/web/wp-content/uploads/2025/11/portada-300x300.png" data-large-file="https://iesnavarrovilloslada.educacion.navarra.es/web/wp-content/uploads/2025/11/portada.png" src="https://iesnavarrovilloslada.educacion.navarra.es/web/wp-content/uploads/2025/11/portada.png" alt="" class="wp-image-8085" srcset="https://iesnavarrovilloslada.educacion.navarra.es/web/wp-content/uploads/2025/11/portada.png 1024w, https://iesnavarrovilloslada.educacion.navarra.es/web/wp-content/uploads/2025/11/portada-300x300.png 300w, https://iesnavarrovilloslada.educacion.navarra.es/web/wp-content/uploads/2025/11/portada-150x150.png 150w, https://iesnavarrovilloslada.educacion.navarra.es/web/wp-content/uploads/2025/11/portada-768x768.png 768w, https://iesnavarrovilloslada.educacion.navarra.es/web/wp-content/uploads/2025/11/portada-75x75.png 75w, https://iesnavarrovilloslada.educacion.navarra.es/web/wp-content/uploads/2025/11/portada-45x45.png 45w, https://iesnavarrovilloslada.educacion.navarra.es/web/wp-content/uploads/2025/11/portada-65x65.png 65w" sizes="(max-width: 1024px) 100vw, 1024px" /></a></figure>



<p></p>



<h2 class="wp-block-heading">ORIENTACIÓN ACADÉMICA 2º BACHILLERATO:</h2>



<p>Consulta este documento con información útil sobre el acceso a Ciclos Formativos de Grado Superior, Grados Universitarios, Universidades, etc. Información actualizada curso actual. </p>



<p><a href="https://view.genially.com/67801e25bfa3fb6651834611/presentation-pc2btoorientacion-academica202425" target="_blank" rel="noreferrer noopener">Orientación académica 2º Bachillerato IES Navarro Villoslada </a></p>



<h2 class="wp-block-heading">ORIENTACIÓN ACADÉMICA 1º BACHILLERATO:</h2>



<p>Consulta este documento con información útil sobre 2º BTO, cambio de modalidad y acceso a FP Grado Medio.</p>



<p><a href="https://view.genially.com/65a46a7a54a1700014429b80/presentation-curso-24-25-1o-bachillerato" target="_blank" rel="noreferrer noopener">Orientación académica 1º Bachillerato IES Navarro Villoslada </a></p>



<h2 class="wp-block-heading">ORIENTACIÓN ACADÉMICA 4º&nbsp;ESO:</h2>



<p>Consulta este documento con información útil sobre el acceso a Ciclos Formativos de Grado Medio, Bachillerato, etc. Información actualizada curso actual. </p>



<p><a href="https://view.genial.ly/65c0dc1c566d910014c124d5/presentation-4o-eso-nv-orientacion-academica" target="_blank" rel="noreferrer noopener">Orientación estudios 4º ESO IES Navarro Villoslada</a></p>



<p class="has-medium-font-size"><strong>ORIENTACIÓN ACADÉMICA 3º&nbsp;ESO:</strong></p>



<p>Consulta este documento con información útil sobre 4º ESO.</p>



<p><a href="https://view.genially.com/67ce067d6ae57e8144f243c9/presentation-3o-eso-maria">Orientación estudios 3º ESO IES Navarro Villoslada</a></p>



<h2 class="wp-block-heading">GUÍAS DE ORIENTACIÓN DE ESTUDIOS:</h2>



<p>Accede desde este enlace a las guías de orientación de estudios que hemos preparado:</p>



<p><a href="https://drive.google.com/drive/folders/1TFKXWR7aCmhgzt0GnYynSr9DU_OTJzEs?usp=share_link" target="_blank" rel="noreferrer noopener">https://drive.google.com/drive/folders/1TFKXWR7aCmhgzt0GnYynSr9DU_OTJzEs?usp=share_link</a></p>



<p>Esperamos que os sean útiles.</p>

<p>Orientaline: información específica sobre estudios y profesiones Desde el instituto te ofrecemos acceso a cuestionarios para ayudarte en la elección de estudios de Secundaria, FP y Grados, cuestionarios para ayudarte a pensar sobre profesiones, información sobre FP y Grados, así como otros datos de interés a través de Orientaline. ORIENTACIÓN ACADÉMICA 2º BACHILLERATO: Consulta este [&hellip;]</p>
