{"id":309,"date":"2022-01-12T11:40:04","date_gmt":"2022-01-12T11:40:04","guid":{"rendered":"https:\/\/iesnavarrovilloslada.educacion.navarra.es\/web\/biblioteca\/?page_id=309"},"modified":"2023-05-12T07:03:57","modified_gmt":"2023-05-12T07:03:57","slug":"historia-guia-tematica","status":"publish","type":"page","link":"https:\/\/iesnavarrovilloslada.educacion.navarra.es\/web\/biblioteca\/historia-guia-tematica\/","title":{"rendered":"Historia &#8211; gu\u00eda tem\u00e1tica"},"content":{"rendered":"\n<p>Las gu\u00edas tem\u00e1ticas de investigaci\u00f3n por asignatura son los recursos que puedes consultar en la biblioteca del centro, en los Departamentos o a trav\u00e9s de enlaces para avanzar en tu idea de investigaci\u00f3n. Son recursos de exploraci\u00f3n y recursos que pueden aportarte metodolog\u00eda de investigaci\u00f3n y an\u00e1lisis. Pueden serte \u00fatiles al comienzo de la investigaci\u00f3n y tambi\u00e9n en fases de desarrollo.<\/p>\n\n\n\n<p>Cuando tengas ya una idea definida y hayas consultado estos recursos, acude al profesorado del \u00e1rea para que te oriente y te ofrezca materiales m\u00e1s especializados. En cada asignatura, el profesorado dispone de recursos espec\u00edficos para monograf\u00edas y trabajos de investigaci\u00f3n.<\/p>\n\n\n\n<p>Recuerda que, en cualquier momento, puedes pedir ayuda a las personas que coordinan las monograf\u00edas para orientarte en b\u00fasquedas en bases de datos y en sistemas de cita.<\/p>\n\n\n\n<p><\/p>\n\n\n\n<figure class=\"wp-block-table is-style-stripes\"><table><thead><tr><th>Bibliograf\u00eda b\u00e1sica<\/th><th>Ubicaci\u00f3n (biblioteca, departamento, consulta on line)<\/th><\/tr><\/thead><tbody><tr><td>\u00c1lvarez Junco, J (2016)<em> Dioses \u00fatiles. Naciones y nacionalismo. <\/em>Barcelona: Galaxia Gutemberg<\/td><td>Biblioteca<\/td><\/tr><tr><td>Bourke, J (2002) <em>La segunda guerra mundial: una historia de las v\u00edctimas<\/em>. Barcelona: Paid\u00f3s.<\/td><td>Biblioteca<\/td><\/tr><tr><td>Casanova, J.,\u00a0<em>Rep\u00fablica y Guerra Civil<\/em><\/td><td>Biblioteca<\/td><\/tr><tr><td>Dailey, A. y Webb, S.<em>, Causes and effects of 20th century wars.<\/em><\/td><td>En el Dpto.<\/td><\/tr><tr><td>Gray, B. et al.,\u00a0<em>Authoritarian States.<\/em><\/td><td>En el Dpto.<\/td><\/tr><tr><td>Hane, M. (2013<em>) Breve historia de Jap\u00f3n. <\/em>Madrid: Alianza Ed.<\/td><td>Biblioteca<\/td><\/tr><tr><td>Palmer, R. y Colton,J. (1980) <em>Historia contempor\u00e1nea. <\/em>Madrid: Akal.<\/td><td>En el Dpto.<\/td><\/tr><tr><td>Payne, S. G. (2011)<em> La Europa revolucionaria. Las guerras civiles que marcaron el siglo XX. <\/em>Madrid: Temas de Hoy.<\/td><td>Biblioteca<\/td><\/tr><tr><td>Riquer, B<em>., La dictadura de Franco<\/em><\/td><td>Biblioteca<\/td><\/tr><tr><td>Rogers, K. y Thomas, J., T<em>he Move to Global War.<\/em><\/td><td>En el Dpto.<\/td><\/tr><tr><td>Smith, D.,\u00a0<em>Causes and effects of 20th century wars.<\/em><\/td><td>En el Dpto.<\/td><\/tr><tr><td>Stevenson, D. (2013) <em>1914-1918. Historia de la Primera Guerra Mundial. <\/em>Barcelona: Debate.<\/td><td>Biblioteca<\/td><\/tr><tr><td>Historia 16. <em>Siglo XX. Historia Universal<\/em>: tomos 5, 7, 9 y 11 al 14 y 16 al 19.<\/td><td>En el Dpto.<\/td><\/tr><tr><td>Serie Cuadernos del Mundo Actual (publicada por Historia 16)<\/td><td><a href=\"https:\/\/saladehistoria.net\/biblioteca-digital\/historia-16\/cuadernos-de-historia-16\/\" target=\"_blank\" rel=\"noreferrer noopener\">Consulta online<\/a><\/td><\/tr><tr><td>Serie Conflictos del siglo XX<\/td><td><a href=\"https:\/\/saladehistoria.net\/2018\/10\/01\/conflictos-del-siglo-xx\/\" target=\"_blank\" rel=\"noreferrer noopener\">Consulta online <\/a><\/td><\/tr><\/tbody><\/table><\/figure>\n\n\n\n<p><\/p>\n\n\n\n<p><\/p>\n","protected":false},"excerpt":{"rendered":"<p>Las gu\u00edas tem\u00e1ticas de investigaci\u00f3n por asignatura son los recursos que puedes consultar en la biblioteca del centro, en los Departamentos o a trav\u00e9s de enlaces para avanzar en tu idea de investigaci\u00f3n. Son recursos de exploraci\u00f3n y recursos que pueden aportarte metodolog\u00eda de investigaci\u00f3n y an\u00e1lisis. Pueden serte \u00fatiles al comienzo de la investigaci\u00f3n [&hellip;]<\/p>\n","protected":false},"author":1,"featured_media":0,"parent":0,"menu_order":0,"comment_status":"closed","ping_status":"closed","template":"","meta":{"_genesis_hide_title":false,"_genesis_hide_breadcrumbs":false,"_genesis_hide_singular_image":false,"_genesis_hide_footer_widgets":false,"_genesis_custom_body_class":"","_genesis_custom_post_class":"","_genesis_layout":"","footnotes":"","_links_to":"","_links_to_target":""},"class_list":{"0":"post-309","1":"page","2":"type-page","3":"status-publish","5":"entry"},"_links":{"self":[{"href":"https:\/\/iesnavarrovilloslada.educacion.navarra.es\/web\/biblioteca\/wp-json\/wp\/v2\/pages\/309","targetHints":{"allow":["GET"]}}],"collection":[{"href":"https:\/\/iesnavarrovilloslada.educacion.navarra.es\/web\/biblioteca\/wp-json\/wp\/v2\/pages"}],"about":[{"href":"https:\/\/iesnavarrovilloslada.educacion.navarra.es\/web\/biblioteca\/wp-json\/wp\/v2\/types\/page"}],"author":[{"embeddable":true,"href":"https:\/\/iesnavarrovilloslada.educacion.navarra.es\/web\/biblioteca\/wp-json\/wp\/v2\/users\/1"}],"replies":[{"embeddable":true,"href":"https:\/\/iesnavarrovilloslada.educacion.navarra.es\/web\/biblioteca\/wp-json\/wp\/v2\/comments?post=309"}],"version-history":[{"count":4,"href":"https:\/\/iesnavarrovilloslada.educacion.navarra.es\/web\/biblioteca\/wp-json\/wp\/v2\/pages\/309\/revisions"}],"predecessor-version":[{"id":490,"href":"https:\/\/iesnavarrovilloslada.educacion.navarra.es\/web\/biblioteca\/wp-json\/wp\/v2\/pages\/309\/revisions\/490"}],"wp:attachment":[{"href":"https:\/\/iesnavarrovilloslada.educacion.navarra.es\/web\/biblioteca\/wp-json\/wp\/v2\/media?parent=309"}],"curies":[{"name":"wp","href":"https:\/\/api.w.org\/{rel}","templated":true}]}}