{"id":305,"date":"2022-01-12T11:38:13","date_gmt":"2022-01-12T11:38:13","guid":{"rendered":"https:\/\/iesnavarrovilloslada.educacion.navarra.es\/web\/biblioteca\/?page_id=305"},"modified":"2022-01-25T10:31:33","modified_gmt":"2022-01-25T10:31:33","slug":"lengua-y-literatura-guia-tematica","status":"publish","type":"page","link":"https:\/\/iesnavarrovilloslada.educacion.navarra.es\/web\/biblioteca\/lengua-y-literatura-guia-tematica\/","title":{"rendered":"Lengua y literatura &#8211; gu\u00eda tem\u00e1tica"},"content":{"rendered":"\n<p>Las gu\u00edas tem\u00e1ticas de investigaci\u00f3n por asignatura son los recursos que puedes consultar en la biblioteca del centro, en los Departamentos o a trav\u00e9s de enlaces para avanzar en tu idea de investigaci\u00f3n. Son recursos de exploraci\u00f3n y recursos que pueden aportarte metodolog\u00eda de investigaci\u00f3n y an\u00e1lisis. Pueden serte \u00fatiles al comienzo de la investigaci\u00f3n y tambi\u00e9n en fases de desarrollo.<\/p>\n\n\n\n<p>Cuando tengas ya una idea definida y hayas consultado estos recursos, acude al profesorado del \u00e1rea para que te oriente y te ofrezca materiales m\u00e1s especializados. En cada asignatura, el profesorado dispone de recursos espec\u00edficos para monograf\u00edas y trabajos de investigaci\u00f3n.<\/p>\n\n\n\n<p>Recuerda que, en cualquier momento, puedes pedir ayuda a las personas que coordinan las monograf\u00edas para orientarte en b\u00fasquedas en bases de datos y en sistemas de cita.<\/p>\n\n\n\n<p><\/p>\n\n\n\n<figure class=\"wp-block-table is-style-stripes\"><table><thead><tr><th>Bibliograf\u00eda b\u00e1sica<\/th><th>Ubicaci\u00f3n (biblioteca, departamento, consulta on line)<\/th><\/tr><\/thead><tbody><tr><td>Ferraz Mart\u00ednez, A. (2011)<em>. El lenguaje de la publicidad. <\/em>Arco Libros.<\/td><td>Biblioteca<\/td><\/tr><tr><td>Guti\u00e9rrez Ord\u00f3\u00f1ez, S. (2000).<em> Comentario pragm\u00e1tico de textos publicitarios. <\/em>Arco\/Libros.<\/td><td>Biblioteca<\/td><\/tr><tr><td>Garrido Dom\u00ednguez, A. (1993). <em>El texto narrativo. <\/em>S\u00edntesis.<\/td><td>Biblioteca<\/td><\/tr><tr><td>Lujan Atienza, A.L. (1999). <em>C\u00f3mo se comenta un poema. <\/em>S\u00edntesis.<\/td><td>Biblioteca<\/td><\/tr><tr><td>Garc\u00eda Barrientos, J.L. (2017). <em>C\u00f3mo se analiza una obra de teatro<\/em>. S\u00edntesis.<\/td><td>Biblioteca<\/td><\/tr><tr><td>Penas Iba\u00f1ez, M.A. (2018).<em> El cibertexto y el ciberlenguaje<\/em>. S\u00edntesis.<\/td><td>Biblioteca<\/td><\/tr><tr><td>Carmona, R. (1993). <em>C\u00f3mo se comenta un texto f\u00edlmico. <\/em>C\u00e1tedra.<\/td><td>Departamento de Lengua<\/td><\/tr><tr><td>Cirlot, J.E. (2019). <em>Diccionario de s\u00edmbolos. <\/em>Siruela<\/td><td>Biblioteca<\/td><\/tr><tr><td>CVC. Centro Virtual Cervantes<\/td><td><a href=\"https:\/\/cvc.cervantes.es\/\" target=\"_blank\" rel=\"noreferrer noopener\">consulta on line<\/a><\/td><\/tr><tr><td>Quilis, A. (2013). <em>M\u00e9trica espa\u00f1ola. <\/em>Ariel<\/td><td>Biblioteca<\/td><\/tr><tr><td>Riquer, M. de, &amp; Valverde, J. M. (2018). <em>Historia de la Literatura Universal<\/em> (2 Vols.). Great Northern Arts<\/td><td>Departamento de Lengua<\/td><\/tr><tr><td>Pedraza, F. B., &amp; Rodr\u00edguez, M. (2015). <em>Manual de Literatura espa\u00f1ola<\/em>.(Col.) Cenlit.<\/td><td>Departamento de Lengua<\/td><\/tr><tr><td>Diario, E. P. (2021). <em>Libro de estilo de El Pa\u00eds<\/em>. Aguilar.<\/td><td>Biblioteca<\/td><\/tr><\/tbody><\/table><\/figure>\n","protected":false},"excerpt":{"rendered":"<p>Las gu\u00edas tem\u00e1ticas de investigaci\u00f3n por asignatura son los recursos que puedes consultar en la biblioteca del centro, en los Departamentos o a trav\u00e9s de enlaces para avanzar en tu idea de investigaci\u00f3n. Son recursos de exploraci\u00f3n y recursos que pueden aportarte metodolog\u00eda de investigaci\u00f3n y an\u00e1lisis. Pueden serte \u00fatiles al comienzo de la investigaci\u00f3n [&hellip;]<\/p>\n","protected":false},"author":1,"featured_media":0,"parent":0,"menu_order":0,"comment_status":"closed","ping_status":"closed","template":"","meta":{"_genesis_hide_title":false,"_genesis_hide_breadcrumbs":false,"_genesis_hide_singular_image":false,"_genesis_hide_footer_widgets":false,"_genesis_custom_body_class":"","_genesis_custom_post_class":"","_genesis_layout":"","footnotes":"","_links_to":"","_links_to_target":""},"class_list":{"0":"post-305","1":"page","2":"type-page","3":"status-publish","5":"entry"},"_links":{"self":[{"href":"https:\/\/iesnavarrovilloslada.educacion.navarra.es\/web\/biblioteca\/wp-json\/wp\/v2\/pages\/305","targetHints":{"allow":["GET"]}}],"collection":[{"href":"https:\/\/iesnavarrovilloslada.educacion.navarra.es\/web\/biblioteca\/wp-json\/wp\/v2\/pages"}],"about":[{"href":"https:\/\/iesnavarrovilloslada.educacion.navarra.es\/web\/biblioteca\/wp-json\/wp\/v2\/types\/page"}],"author":[{"embeddable":true,"href":"https:\/\/iesnavarrovilloslada.educacion.navarra.es\/web\/biblioteca\/wp-json\/wp\/v2\/users\/1"}],"replies":[{"embeddable":true,"href":"https:\/\/iesnavarrovilloslada.educacion.navarra.es\/web\/biblioteca\/wp-json\/wp\/v2\/comments?post=305"}],"version-history":[{"count":5,"href":"https:\/\/iesnavarrovilloslada.educacion.navarra.es\/web\/biblioteca\/wp-json\/wp\/v2\/pages\/305\/revisions"}],"predecessor-version":[{"id":351,"href":"https:\/\/iesnavarrovilloslada.educacion.navarra.es\/web\/biblioteca\/wp-json\/wp\/v2\/pages\/305\/revisions\/351"}],"wp:attachment":[{"href":"https:\/\/iesnavarrovilloslada.educacion.navarra.es\/web\/biblioteca\/wp-json\/wp\/v2\/media?parent=305"}],"curies":[{"name":"wp","href":"https:\/\/api.w.org\/{rel}","templated":true}]}}