{"id":180,"date":"2017-09-27T06:24:07","date_gmt":"2017-09-27T06:24:07","guid":{"rendered":"http:\/\/iesnavarrovilloslada.educacion.navarra.es\/web\/biblioteca\/?page_id=180"},"modified":"2018-01-18T10:56:34","modified_gmt":"2018-01-18T10:56:34","slug":"concurso-de-videorresenas","status":"publish","type":"page","link":"https:\/\/iesnavarrovilloslada.educacion.navarra.es\/web\/biblioteca\/concurso-de-videorresenas\/","title":{"rendered":"Concurso de videorrese\u00f1as"},"content":{"rendered":"<p><b>CONCURSO DE VIDEORRESE\u00d1AS SOMOS LECTORES. SOMOS BOOKTUBERS. <\/b><b><br \/>\n<\/b><\/p>\n<p><b>BASES<\/b><span style=\"font-weight: 400;\">\u00a0<\/span><\/p>\n<h2><b>1. Categor\u00edas<\/b><span style=\"font-weight: 400;\">. <\/span><\/h2>\n<p><b>1\u00aa categor\u00eda<\/b><span style=\"font-weight: 400;\">: 1\u00ba y 2\u00ba ESO<\/span><\/p>\n<p><b>2\u00aa categor\u00eda<\/b><span style=\"font-weight: 400;\">: 3\u00ba y 4\u00ba ESO<\/span><\/p>\n<p><b>3\u00ba categor\u00eda<\/b><span style=\"font-weight: 400;\">: 1\u00ba y 2\u00ba bachillerato (diurno y nocturno)<\/span><\/p>\n<h2><b>2. Premios. <\/b><\/h2>\n<ul>\n<li><b><span style=\"font-weight: 400;\">Primer premio de 40 euros por cada categor\u00eda .<\/span><\/b><\/li>\n<li><span style=\"font-weight: 400;\">Segundo premio de 20 euros por cada categor\u00eda.<\/span><\/li>\n<\/ul>\n<p><span style=\"font-weight: 400;\">El jurado podr\u00e1 conceder, adem\u00e1s, terceros premios, as\u00ed como acc\u00e9sits, atendiendo al inter\u00e9s y calidad de los trabajos presentados.<\/span><\/p>\n<p>&nbsp;<\/p>\n<h2>3. Presentaci\u00f3n<\/h2>\n<p><span style=\"font-weight: 400;\">Los trabajos se presentar\u00e1n de la siguiente manera: <a href=\"https:\/\/goo.gl\/mCT9Fe\" target=\"_blank\" rel=\"noopener\">https:\/\/goo.gl\/mCT9Fe<\/a>\u00a0<\/span><span style=\"font-weight: 400;\">(Para poder ver el documento debes tener abierta tu sesi\u00f3n de @educacion.navarra.es)<\/span><\/p>\n<h2>4. Trabajos y criterios<\/h2>\n<p><span style=\"font-weight: 400;\">Para ver las caracter\u00edsticas de los trabajos y los criterios del jurado ir a: <\/span><a href=\"http:\/\/iesnavarrovilloslada.educacion.navarra.es\/web\/biblioteca\/concurso-de-videorresenas\/\"><span style=\"font-weight: 400;\">http:\/\/iesnavarrovilloslada.educacion.navarra.es\/web\/biblioteca\/concurso-de-videorresenas\/<\/span><\/a><\/p>\n<h2>5. Plazo de admisi\u00f3n<\/h2>\n<p><b>Plazo de admisi\u00f3n<\/b><span style=\"font-weight: 400;\">. El plazo de entrega de los trabajos ser\u00e1 desde el 17 de enero al 19 de febrero.<\/span><\/p>\n<h2>6. Fallo del jurado<\/h2>\n<p><b>Fallo del jurado<\/b><span style=\"font-weight: 400;\">.\u00a0<\/span><span style=\"font-weight: 400;\">El jurado est\u00e1 compuesto por el profesorado del Departamento de Lengua y Literatura \u00a0y alumnado de apoyo a la biblioteca. Su decisi\u00f3n ser\u00e1 inapelable. La entrega de premios ser\u00e1 a la hora del recreo en la biblioteca el d\u00eda 9 de marzo. La participaci\u00f3n en el concurso implica la aceptaci\u00f3n de las bases. <\/span><b>Los premios podr\u00e1n quedar desiertos si as\u00ed lo considera el jurado<\/b><span style=\"font-weight: 400;\">.<\/span><\/p>\n<p>&nbsp;<\/p>\n<p><span style=\"font-weight: 800;\">PAMPLONA, \u00a016 de enero de 2018<\/span><\/p>\n<h2><\/h2>\n<h2><span style=\"font-weight: 400;\">CARACTER\u00cdSTICAS<\/span><\/h2>\n<ul>\n<li style=\"font-weight: 400;\"><span style=\"font-weight: 400;\">Cada uno de los participantes deber\u00e1 crear un v\u00eddeo original y exclusivo para el\u00a0 concurso \u00a0en el que rese\u00f1e un libro (preferentemente de la biblioteca del centro) de su \u00a0inter\u00e9s. <\/span><\/li>\n<li style=\"font-weight: 400;\"><span style=\"font-weight: 400;\">El v\u00eddeo puede estar editado (con t\u00edtulos, animaciones, planos distintos, etc), pero no es imprescindible: puede grabarse en una sola secuencia.<\/span><\/li>\n<li style=\"font-weight: 400;\"><span style=\"font-weight: 400;\">El tiempo de duraci\u00f3n del v\u00eddeo deber\u00e1 ser como m\u00ednimo de DOS MINUTOS y como m\u00e1ximo \u00a0de TRES MINUTOS.<\/span><\/li>\n<li style=\"font-weight: 400;\"><span style=\"font-weight: 400;\">Debe ser individual.<\/span><\/li>\n<li style=\"font-weight: 400;\"><span style=\"font-weight: 400;\">El libro rese\u00f1ado tendr\u00e1 que estar publicado en espa\u00f1ol y puede ser de cualquier g\u00e9nero literario.<\/span><\/li>\n<li style=\"font-weight: 400;\"><span style=\"font-weight: 400;\">La rese\u00f1a no debe desvelar el final de la obra ni aspectos que supongan la p\u00e9rdida de inter\u00e9s por su lectura.<\/span><\/li>\n<\/ul>\n<p><span style=\"font-weight: 400;\"><br \/>\n<\/span><b>SER\u00c1N DESCALIFICADOS TODOS AQUELLOS TRABAJOS QUE INCUMPLAN ESTOS REQUISITOS. SE PENALIZAR\u00c1 LA COPIA O PLAGIO TOTAL O PARCIAL.<\/b><\/p>\n<p>&nbsp;<\/p>\n<h2><span style=\"font-weight: 400;\"><br \/>\n<\/span><span style=\"font-weight: 400;\">\u00a0<\/span><b>Criterios del jurado<\/b><\/h2>\n<ul>\n<li style=\"font-weight: 400;\"><span style=\"font-weight: 400;\">GUION: <\/span><\/li>\n<li style=\"list-style-type: none;\">\n<ul>\n<li style=\"list-style-type: none;\">\n<ul>\n<li style=\"font-weight: 400;\"><span style=\"font-weight: 400;\"> OBLIGATORIO<\/span>\n<ul>\n<li style=\"font-weight: 400;\"><span style=\"font-weight: 400;\">Saludo<\/span><\/li>\n<li style=\"font-weight: 400;\"><span style=\"font-weight: 400;\">T\u00edtulo , autor y editorial.<\/span><\/li>\n<li style=\"font-weight: 400;\"><span style=\"font-weight: 400;\">Resumen del libro sin desvelar el final ni aspectos relevantes.<\/span><\/li>\n<li style=\"font-weight: 400;\"><span style=\"font-weight: 400;\">Inter\u00e9s del libro, causas de su recomendaci\u00f3n. <\/span><\/li>\n<li style=\"font-weight: 400;\"><span style=\"font-weight: 400;\">Despedida<\/span><\/li>\n<\/ul>\n<\/li>\n<\/ul>\n<\/li>\n<\/ul>\n<\/li>\n<\/ul>\n<ul>\n<li style=\"list-style-type: none;\">\n<ul>\n<li style=\"list-style-type: none;\">\n<ul>\n<li style=\"font-weight: 400;\"><span style=\"font-weight: 400;\">OPTATIVO \u00a0<\/span>\n<ul>\n<li style=\"font-weight: 400;\"><span style=\"font-weight: 400;\">Relaci\u00f3n con otras obras del autor.<\/span><\/li>\n<li style=\"font-weight: 400;\"><span style=\"font-weight: 400;\">Relaci\u00f3n \u00a0con otras obras del mismo g\u00e9nero.<\/span><\/li>\n<\/ul>\n<\/li>\n<\/ul>\n<\/li>\n<\/ul>\n<\/li>\n<\/ul>\n<p><span style=\"font-weight: 400;\">(No hay por qu\u00e9 seguir este orden con la excepci\u00f3n del saludo y despedida. La estructura es libre).<\/span><\/p>\n<ul>\n<li style=\"font-weight: 400;\"><span style=\"font-weight: 400;\">PUESTA EN ESCENA<\/span><\/li>\n<li style=\"font-weight: 400;\"><span style=\"font-weight: 400;\">EXPRESI\u00d3N ORAL: <\/span>\n<ul>\n<li style=\"list-style-type: none;\">\n<ul>\n<li style=\"list-style-type: none;\">\n<ul>\n<li style=\"font-weight: 400;\"><span style=\"font-weight: 400;\">Registro ling\u00fc\u00edstico adecuado.<\/span><\/li>\n<li style=\"font-weight: 400;\"><span style=\"font-weight: 400;\">Dicci\u00f3n.<\/span><\/li>\n<li style=\"font-weight: 400;\"><span style=\"font-weight: 400;\"> C\u00f3digo no verbal: entonaci\u00f3n, gestos, mira a la c\u00e1mara.<\/span><\/li>\n<\/ul>\n<\/li>\n<\/ul>\n<\/li>\n<\/ul>\n<\/li>\n<li style=\"font-weight: 400;\"><span style=\"font-weight: 400;\">CREATIVIDAD, ORIGINALIDAD Y ENFOQUE PERSONAL<\/span><\/li>\n<li style=\"font-weight: 400;\"><span style=\"font-weight: 400;\">CALIDAD \u00a0DEL V\u00cdDEO<\/span><\/li>\n<\/ul>\n<p>Puedes descargar las bases como documento aqu\u00ed:<\/p>\n<p><a href=\"https:\/\/docs.google.com\/document\/d\/1gKn7kjGGL9MZ-HTPfYafxs4sdSc5ilKamGA10_TJcVg\/edit?usp=sharing\" target=\"_blank\" rel=\"noopener\">https:\/\/docs.google.com\/document\/d\/1gKn7kjGGL9MZ-HTPfYafxs4sdSc5ilKamGA10_TJcVg\/edit?usp=sharing<\/a><\/p>\n","protected":false},"excerpt":{"rendered":"<p>CONCURSO DE VIDEORRESE\u00d1AS SOMOS LECTORES. SOMOS BOOKTUBERS. BASES\u00a0 1. Categor\u00edas. 1\u00aa categor\u00eda: 1\u00ba y 2\u00ba ESO 2\u00aa categor\u00eda: 3\u00ba y 4\u00ba ESO 3\u00ba categor\u00eda: 1\u00ba y 2\u00ba bachillerato (diurno y nocturno) 2. Premios. Primer premio de 40 euros por cada categor\u00eda . Segundo premio de 20 euros por cada categor\u00eda. El jurado podr\u00e1 conceder, adem\u00e1s, [&hellip;]<\/p>\n","protected":false},"author":1,"featured_media":0,"parent":0,"menu_order":0,"comment_status":"closed","ping_status":"closed","template":"","meta":{"_genesis_hide_title":false,"_genesis_hide_breadcrumbs":false,"_genesis_hide_singular_image":false,"_genesis_hide_footer_widgets":false,"_genesis_custom_body_class":"","_genesis_custom_post_class":"","_genesis_layout":"","footnotes":"","_links_to":"","_links_to_target":""},"class_list":{"0":"post-180","1":"page","2":"type-page","3":"status-publish","5":"entry"},"_links":{"self":[{"href":"https:\/\/iesnavarrovilloslada.educacion.navarra.es\/web\/biblioteca\/wp-json\/wp\/v2\/pages\/180","targetHints":{"allow":["GET"]}}],"collection":[{"href":"https:\/\/iesnavarrovilloslada.educacion.navarra.es\/web\/biblioteca\/wp-json\/wp\/v2\/pages"}],"about":[{"href":"https:\/\/iesnavarrovilloslada.educacion.navarra.es\/web\/biblioteca\/wp-json\/wp\/v2\/types\/page"}],"author":[{"embeddable":true,"href":"https:\/\/iesnavarrovilloslada.educacion.navarra.es\/web\/biblioteca\/wp-json\/wp\/v2\/users\/1"}],"replies":[{"embeddable":true,"href":"https:\/\/iesnavarrovilloslada.educacion.navarra.es\/web\/biblioteca\/wp-json\/wp\/v2\/comments?post=180"}],"version-history":[{"count":6,"href":"https:\/\/iesnavarrovilloslada.educacion.navarra.es\/web\/biblioteca\/wp-json\/wp\/v2\/pages\/180\/revisions"}],"predecessor-version":[{"id":233,"href":"https:\/\/iesnavarrovilloslada.educacion.navarra.es\/web\/biblioteca\/wp-json\/wp\/v2\/pages\/180\/revisions\/233"}],"wp:attachment":[{"href":"https:\/\/iesnavarrovilloslada.educacion.navarra.es\/web\/biblioteca\/wp-json\/wp\/v2\/media?parent=180"}],"curies":[{"name":"wp","href":"https:\/\/api.w.org\/{rel}","templated":true}]}}