{"id":149,"date":"2019-12-24T08:04:18","date_gmt":"2019-12-24T07:04:18","guid":{"rendered":"http:\/\/iesnavarrovilloslada.educacion.navarra.es\/web\/adn\/?page_id=149"},"modified":"2025-06-14T18:04:32","modified_gmt":"2025-06-14T16:04:32","slug":"contacto","status":"publish","type":"page","link":"https:\/\/iesnavarrovilloslada.educacion.navarra.es\/web\/adn\/contacto\/","title":{"rendered":"Equipo editorial"},"content":{"rendered":"\n<h2 class=\"wp-block-heading\"><strong>Responsable de contenidos<\/strong><\/h2>\n\n\n\n<p>Julia Fern\u00e1ndez Tellechea (Prof. Departamento de Lengua)<\/p>\n\n\n\n<h2 class=\"wp-block-heading\"><strong>Coordinadores<\/strong><\/h2>\n\n\n\n<p>Jon Barriola Aierdi (Prof. Departamento de Tecnolog\u00eda)<\/p>\n\n\n\n<p>Selma Garc\u00eda San Mart\u00edn (Prof. Departamento de Franc\u00e9s)<\/p>\n\n\n\n<p>Ra\u00fal Lasa Calle (Prof. Departamento de Lengua)<\/p>\n\n\n\n<p>Patricia Rivas Puerta (Prof. Departamento de Lengua)<\/p>\n\n\n\n<p>Laura Santa Mar\u00eda Moreles (Prof. Departamento de Lengua)<\/p>\n\n\n\n<p>Amaya Zubiyaga Mina (Prof. Departamento de Cl\u00e1sicas)<\/p>\n\n\n\n<p><\/p>\n\n\n\n<h2 class=\"wp-block-heading\"><strong>Equipo de edici\u00f3n e ilstraci\u00f3n<\/strong> <\/h2>\n\n\n\n<ul class=\"wp-block-list\">\n<li>Iria Aparicio Dom\u00ednguez (2\u00ba BTO A)<\/li>\n\n\n\n<li>Jon Barriola Aierdi (Prof. Departamento de Tecnolog\u00eda)<\/li>\n\n\n\n<li>Anuar Egozcue Sghair (2\u00ba BTO A)<\/li>\n\n\n\n<li>Miren Erviti Garatea (4\u00ba ESO E)<\/li>\n\n\n\n<li>Judit Ciscar Ruiz  (1\u00ba BTO A)<\/li>\n\n\n\n<li>Miren Erviti Garatea (4\u00ba ESO E)<\/li>\n\n\n\n<li>Maya Giganto Gonz\u00e1lez (4\u00ba ESO D)<\/li>\n\n\n\n<li>Ada Herguera Morales (1\u00ba BTO A)<\/li>\n\n\n\n<li>David Sola Bienzobas (1\u00ba BTO A)<\/li>\n\n\n\n<li>Oihan Izquierdo Beraza (1\u00ba BTO A)<\/li>\n\n\n\n<li>Nadia Valencia Baur\u00e8s (1\u00ba BTO A)<\/li>\n<\/ul>\n\n\n\n<h2 class=\"wp-block-heading\"><\/h2>\n\n\n\n<h2 class=\"wp-block-heading\"><strong>Coordinaci\u00f3n t\u00e9cnica<\/strong><\/h2>\n\n\n\n<p>Gabriel Rubio (Prof. Departamento de Lengua)<\/p>\n\n\n\n<p>El equipo editorial quiere agradecer a Eduardo Larequi, asesor de tecnolog\u00edas educativas del Departamento de Educaci\u00f3n, el trabajo dedicado a la construcci\u00f3n de esta revista. <\/p>\n","protected":false},"excerpt":{"rendered":"<p>Responsable de contenidos Julia Fern\u00e1ndez Tellechea (Prof. Departamento de Lengua) Coordinadores Jon Barriola Aierdi (Prof. Departamento de Tecnolog\u00eda) Selma Garc\u00eda San Mart\u00edn (Prof. Departamento de Franc\u00e9s) Ra\u00fal Lasa Calle (Prof. Departamento de Lengua) Patricia Rivas Puerta (Prof. Departamento de Lengua) Laura Santa Mar\u00eda Moreles (Prof. Departamento de Lengua) Amaya Zubiyaga Mina (Prof. Departamento de Cl\u00e1sicas) [&hellip;]<\/p>\n","protected":false},"author":12,"featured_media":0,"parent":0,"menu_order":0,"comment_status":"closed","ping_status":"closed","template":"","meta":{"_genesis_hide_title":false,"_genesis_hide_breadcrumbs":false,"_genesis_hide_singular_image":false,"_genesis_hide_footer_widgets":false,"_genesis_custom_body_class":"","_genesis_custom_post_class":"","_genesis_layout":"","footnotes":"","_links_to":"","_links_to_target":""},"class_list":{"0":"post-149","1":"page","2":"type-page","3":"status-publish","5":"entry"},"_links":{"self":[{"href":"https:\/\/iesnavarrovilloslada.educacion.navarra.es\/web\/adn\/wp-json\/wp\/v2\/pages\/149","targetHints":{"allow":["GET"]}}],"collection":[{"href":"https:\/\/iesnavarrovilloslada.educacion.navarra.es\/web\/adn\/wp-json\/wp\/v2\/pages"}],"about":[{"href":"https:\/\/iesnavarrovilloslada.educacion.navarra.es\/web\/adn\/wp-json\/wp\/v2\/types\/page"}],"author":[{"embeddable":true,"href":"https:\/\/iesnavarrovilloslada.educacion.navarra.es\/web\/adn\/wp-json\/wp\/v2\/users\/12"}],"replies":[{"embeddable":true,"href":"https:\/\/iesnavarrovilloslada.educacion.navarra.es\/web\/adn\/wp-json\/wp\/v2\/comments?post=149"}],"version-history":[{"count":17,"href":"https:\/\/iesnavarrovilloslada.educacion.navarra.es\/web\/adn\/wp-json\/wp\/v2\/pages\/149\/revisions"}],"predecessor-version":[{"id":2569,"href":"https:\/\/iesnavarrovilloslada.educacion.navarra.es\/web\/adn\/wp-json\/wp\/v2\/pages\/149\/revisions\/2569"}],"wp:attachment":[{"href":"https:\/\/iesnavarrovilloslada.educacion.navarra.es\/web\/adn\/wp-json\/wp\/v2\/media?parent=149"}],"curies":[{"name":"wp","href":"https:\/\/api.w.org\/{rel}","templated":true}]}}