{"id":905,"date":"2020-12-16T13:25:55","date_gmt":"2020-12-16T12:25:55","guid":{"rendered":"https:\/\/iesnavarrovilloslada.educacion.navarra.es\/web\/adn\/?post_type=articulos&#038;p=905"},"modified":"2020-12-16T13:25:55","modified_gmt":"2020-12-16T12:25:55","slug":"ecotecno","status":"publish","type":"articulos","link":"https:\/\/iesnavarrovilloslada.educacion.navarra.es\/web\/adn\/articulos\/ecotecno\/","title":{"rendered":"ECOTECNO"},"content":{"rendered":"\n<div class=\"wp-block-media-text alignwide has-media-on-the-right is-stacked-on-mobile\" style=\"grid-template-columns:auto 22%\"><figure class=\"wp-block-media-text__media\"><img fetchpriority=\"high\" decoding=\"async\" width=\"222\" height=\"292\" src=\"https:\/\/iesnavarrovilloslada.educacion.navarra.es\/web\/adn\/wp-content\/uploads\/sites\/4\/2020\/11\/Captura-de-pantalla-2020-11-25-221544.png\" alt=\"\" class=\"wp-image-909\"\/><\/figure><div class=\"wp-block-media-text__content\">\n<p class=\"has-large-font-size\">El proyecto Ecotecno, que recibi\u00f3 una menci\u00f3n especial en el \u00abConcurso Imagina tu empresa\u00bb, organizado por ADEFAN ( Asociaci\u00f3n de Empresas Familiares de Navarra) fue realizado por las alumnas Mar\u00eda Fern\u00e1ndez Sada, Madalina Ant\u00f3n, Ilay Ortiz y Sara Zamora, de 4\u00ba ESO, desde el \u00e1rea de econom\u00eda.<\/p>\n<\/div><\/div>\n\n\n\n<p class=\"has-text-align-right\"><sup><span style=\"color:#c5c5c5\" class=\"has-inline-color\"><a href=\"https:\/\/drive.google.com\/file\/d\/1xByIzTogjhpLqcala-zSonFser9_joTw\/view\">Imagen cedida por la autora<\/a><\/span><\/sup><\/p>\n\n\n\n<p><a href=\"https:\/\/drive.google.com\/open?id=1VTwR_XBzukmoWSz1Denyc9XxExK4qCS9&amp;authuser=0\">https:\/\/drive.google.com\/open?id=1VTwR_XBzukmoWSz1Denyc9XxExK4qCS9&amp;authuser=0<\/a><\/p>\n","protected":false},"excerpt":{"rendered":"<p>El proyecto Ecotecno, que recibi\u00f3 una menci\u00f3n especial en el \u00abConcurso Imagina tu empresa\u00bb, organizado por ADEFAN ( Asociaci\u00f3n de Empresas Familiares de Navarra) fue realizado por las alumnas Mar\u00eda Fern\u00e1ndez Sada, Madalina Ant\u00f3n, Ilay Ortiz y Sara Zamora, de 4\u00ba ESO, desde el \u00e1rea de econom\u00eda. Imagen cedida por la autora https:\/\/drive.google.com\/open?id=1VTwR_XBzukmoWSz1Denyc9XxExK4qCS9&amp;authuser=0<\/p>\n","protected":false},"author":14,"featured_media":909,"menu_order":0,"comment_status":"closed","ping_status":"closed","template":"","format":"standard","meta":{"_genesis_hide_title":false,"_genesis_hide_breadcrumbs":false,"_genesis_hide_singular_image":false,"_genesis_hide_footer_widgets":false,"_genesis_custom_body_class":"","_genesis_custom_post_class":"","_genesis_layout":"","footnotes":"","_links_to":"","_links_to_target":""},"numero":[23],"seccion":[26],"idioma":[38],"class_list":{"0":"post-905","1":"articulos","2":"type-articulos","3":"status-publish","4":"format-standard","5":"has-post-thumbnail","7":"numero-numero-2","8":"seccion-actividades-de-aula","9":"idioma-espanol","10":"entry"},"_links":{"self":[{"href":"https:\/\/iesnavarrovilloslada.educacion.navarra.es\/web\/adn\/wp-json\/wp\/v2\/articulos\/905","targetHints":{"allow":["GET"]}}],"collection":[{"href":"https:\/\/iesnavarrovilloslada.educacion.navarra.es\/web\/adn\/wp-json\/wp\/v2\/articulos"}],"about":[{"href":"https:\/\/iesnavarrovilloslada.educacion.navarra.es\/web\/adn\/wp-json\/wp\/v2\/types\/articulos"}],"author":[{"embeddable":true,"href":"https:\/\/iesnavarrovilloslada.educacion.navarra.es\/web\/adn\/wp-json\/wp\/v2\/users\/14"}],"replies":[{"embeddable":true,"href":"https:\/\/iesnavarrovilloslada.educacion.navarra.es\/web\/adn\/wp-json\/wp\/v2\/comments?post=905"}],"version-history":[{"count":9,"href":"https:\/\/iesnavarrovilloslada.educacion.navarra.es\/web\/adn\/wp-json\/wp\/v2\/articulos\/905\/revisions"}],"predecessor-version":[{"id":955,"href":"https:\/\/iesnavarrovilloslada.educacion.navarra.es\/web\/adn\/wp-json\/wp\/v2\/articulos\/905\/revisions\/955"}],"wp:featuredmedia":[{"embeddable":true,"href":"https:\/\/iesnavarrovilloslada.educacion.navarra.es\/web\/adn\/wp-json\/wp\/v2\/media\/909"}],"wp:attachment":[{"href":"https:\/\/iesnavarrovilloslada.educacion.navarra.es\/web\/adn\/wp-json\/wp\/v2\/media?parent=905"}],"wp:term":[{"taxonomy":"numero","embeddable":true,"href":"https:\/\/iesnavarrovilloslada.educacion.navarra.es\/web\/adn\/wp-json\/wp\/v2\/numero?post=905"},{"taxonomy":"seccion","embeddable":true,"href":"https:\/\/iesnavarrovilloslada.educacion.navarra.es\/web\/adn\/wp-json\/wp\/v2\/seccion?post=905"},{"taxonomy":"idioma","embeddable":true,"href":"https:\/\/iesnavarrovilloslada.educacion.navarra.es\/web\/adn\/wp-json\/wp\/v2\/idioma?post=905"}],"curies":[{"name":"wp","href":"https:\/\/api.w.org\/{rel}","templated":true}]}}

<div class="wp-block-media-text alignwide has-media-on-the-right is-stacked-on-mobile" style="grid-template-columns:auto 22%"><figure class="wp-block-media-text__media"><img fetchpriority="high" decoding="async" width="222" height="292" src="https://iesnavarrovilloslada.educacion.navarra.es/web/adn/wp-content/uploads/sites/4/2020/11/Captura-de-pantalla-2020-11-25-221544.png" alt="" class="wp-image-909"/></figure><div class="wp-block-media-text__content">
<p class="has-large-font-size">El proyecto Ecotecno, que recibió una mención especial en el «Concurso Imagina tu empresa», organizado por ADEFAN ( Asociación de Empresas Familiares de Navarra) fue realizado por las alumnas María Fernández Sada, Madalina Antón, Ilay Ortiz y Sara Zamora, de 4º ESO, desde el área de economía.</p>
</div></div>



<p class="has-text-align-right"><sup><span style="color:#c5c5c5" class="has-inline-color"><a href="https://drive.google.com/file/d/1xByIzTogjhpLqcala-zSonFser9_joTw/view">Imagen cedida por la autora</a></span></sup></p>



<p><a href="https://drive.google.com/open?id=1VTwR_XBzukmoWSz1Denyc9XxExK4qCS9&amp;authuser=0">https://drive.google.com/open?id=1VTwR_XBzukmoWSz1Denyc9XxExK4qCS9&amp;authuser=0</a></p>

<p>El proyecto Ecotecno, que recibió una mención especial en el «Concurso Imagina tu empresa», organizado por ADEFAN ( Asociación de Empresas Familiares de Navarra) fue realizado por las alumnas María Fernández Sada, Madalina Antón, Ilay Ortiz y Sara Zamora, de 4º ESO, desde el área de economía. Imagen cedida por la autora https://drive.google.com/open?id=1VTwR_XBzukmoWSz1Denyc9XxExK4qCS9&amp;authuser=0</p>
