{"id":452,"date":"2020-02-11T09:48:30","date_gmt":"2020-02-11T08:48:30","guid":{"rendered":"https:\/\/iesnavarrovilloslada.educacion.navarra.es\/web\/adn\/?post_type=articulos&#038;p=452"},"modified":"2020-02-11T09:48:30","modified_gmt":"2020-02-11T08:48:30","slug":"vacaciones-en-el-inframundo","status":"publish","type":"articulos","link":"https:\/\/iesnavarrovilloslada.educacion.navarra.es\/web\/adn\/articulos\/vacaciones-en-el-inframundo\/","title":{"rendered":"Vacaciones en el inframundo"},"content":{"rendered":"\n<figure class=\"wp-block-image size-large\"><img fetchpriority=\"high\" decoding=\"async\" width=\"546\" height=\"321\" src=\"https:\/\/iesnavarrovilloslada.educacion.navarra.es\/web\/adn\/wp-content\/uploads\/sites\/4\/2020\/02\/RelatoInframundo.png\" alt=\"\" class=\"wp-image-453\" srcset=\"https:\/\/iesnavarrovilloslada.educacion.navarra.es\/web\/adn\/wp-content\/uploads\/sites\/4\/2020\/02\/RelatoInframundo.png 546w, https:\/\/iesnavarrovilloslada.educacion.navarra.es\/web\/adn\/wp-content\/uploads\/sites\/4\/2020\/02\/RelatoInframundo-300x176.png 300w\" sizes=\"(max-width: 546px) 100vw, 546px\" \/><\/figure>\n\n\n\n<p>Os presento un relato que surge como respuesta a una pregunta de examen que realic\u00e9 en el mes de noviembre. En aquel momento, mi profesora, Laina Rivera, me felicit\u00f3 por la creatividad que hab\u00eda manifestado y me anim\u00f3 a que, con m\u00e1s tiempo y tranquilidad, transcribiera el texto a ordenador y revisara la redacci\u00f3n. As\u00ed lo hice y, gracias a sus consejos y su esmero por los detalles, os puedo presentar aqu\u00ed el resultado.\u00a0 Espero que os guste.\u00a0<br><\/p>\n\n\n\n<p>Me ha parecido oportuno presentaros tambi\u00e9n parte del escrito inicial realizado durante el <a rel=\"noreferrer noopener\" aria-label=\" (se abre en una nueva pesta\u00f1a)\" href=\"https:\/\/drive.google.com\/drive\/folders\/1mzP_IvPrEBTqZZsnpDDgU0hTOTSyo7nE\" target=\"_blank\">examen<\/a>, para que comprob\u00e9is la evoluci\u00f3n. Como os pod\u00e9is imaginar, me gusta mucho escribir y espero que estas actividades me ayuden a mejorar la t\u00e9cnica.<\/p>\n\n\n\n<p>Enlace al relato:<a rel=\"noreferrer noopener\" aria-label=\" https:\/\/drive.google.com\/open?id=1QUup5_KaX9MoPsIuTHohRtU2IuaoZ5rK\n (se abre en una nueva pesta\u00f1a)\" href=\"https:\/\/drive.google.com\/open?id=1QUup5_KaX9MoPsIuTHohRtU2IuaoZ5rK\" target=\"_blank\"> https:\/\/drive.google.com\/open?id=1QUup5_KaX9MoPsIuTHohRtU2IuaoZ5rK<br><\/a><\/p>\n\n\n\n<p>(El relato y las im\u00e1genes que contiene son parte de una actividad de aula, sin fines comerciales ni de distribuci\u00f3n con cualquier otro fin que no sea el de la ense\u00f1anza y aprendizaje)<\/p>\n\n\n\n<p>Aim\u00e9e Rodr\u00edguez, 1\u00baBTO E<br><\/p>\n","protected":false},"excerpt":{"rendered":"<p>Os presento un relato que surge como respuesta a una pregunta de examen que realic\u00e9 en el mes de noviembre. En aquel momento, mi profesora, Laina Rivera, me felicit\u00f3 por la creatividad que hab\u00eda manifestado y me anim\u00f3 a que, con m\u00e1s tiempo y tranquilidad, transcribiera el texto a ordenador y revisara la redacci\u00f3n. As\u00ed [&hellip;]<\/p>\n","protected":false},"author":1,"featured_media":453,"menu_order":0,"comment_status":"closed","ping_status":"closed","template":"","format":"standard","meta":{"_genesis_hide_title":false,"_genesis_hide_breadcrumbs":false,"_genesis_hide_singular_image":false,"_genesis_hide_footer_widgets":false,"_genesis_custom_body_class":"","_genesis_custom_post_class":"","_genesis_layout":"","footnotes":"","_links_to":"","_links_to_target":""},"numero":[22],"seccion":[31],"idioma":[49],"class_list":{"0":"post-452","1":"articulos","2":"type-articulos","3":"status-publish","4":"format-standard","5":"has-post-thumbnail","7":"numero-numero-1","8":"seccion-literatura","9":"idioma-lenguas-clasicas","10":"entry"},"_links":{"self":[{"href":"https:\/\/iesnavarrovilloslada.educacion.navarra.es\/web\/adn\/wp-json\/wp\/v2\/articulos\/452","targetHints":{"allow":["GET"]}}],"collection":[{"href":"https:\/\/iesnavarrovilloslada.educacion.navarra.es\/web\/adn\/wp-json\/wp\/v2\/articulos"}],"about":[{"href":"https:\/\/iesnavarrovilloslada.educacion.navarra.es\/web\/adn\/wp-json\/wp\/v2\/types\/articulos"}],"author":[{"embeddable":true,"href":"https:\/\/iesnavarrovilloslada.educacion.navarra.es\/web\/adn\/wp-json\/wp\/v2\/users\/1"}],"replies":[{"embeddable":true,"href":"https:\/\/iesnavarrovilloslada.educacion.navarra.es\/web\/adn\/wp-json\/wp\/v2\/comments?post=452"}],"version-history":[{"count":1,"href":"https:\/\/iesnavarrovilloslada.educacion.navarra.es\/web\/adn\/wp-json\/wp\/v2\/articulos\/452\/revisions"}],"predecessor-version":[{"id":454,"href":"https:\/\/iesnavarrovilloslada.educacion.navarra.es\/web\/adn\/wp-json\/wp\/v2\/articulos\/452\/revisions\/454"}],"wp:featuredmedia":[{"embeddable":true,"href":"https:\/\/iesnavarrovilloslada.educacion.navarra.es\/web\/adn\/wp-json\/wp\/v2\/media\/453"}],"wp:attachment":[{"href":"https:\/\/iesnavarrovilloslada.educacion.navarra.es\/web\/adn\/wp-json\/wp\/v2\/media?parent=452"}],"wp:term":[{"taxonomy":"numero","embeddable":true,"href":"https:\/\/iesnavarrovilloslada.educacion.navarra.es\/web\/adn\/wp-json\/wp\/v2\/numero?post=452"},{"taxonomy":"seccion","embeddable":true,"href":"https:\/\/iesnavarrovilloslada.educacion.navarra.es\/web\/adn\/wp-json\/wp\/v2\/seccion?post=452"},{"taxonomy":"idioma","embeddable":true,"href":"https:\/\/iesnavarrovilloslada.educacion.navarra.es\/web\/adn\/wp-json\/wp\/v2\/idioma?post=452"}],"curies":[{"name":"wp","href":"https:\/\/api.w.org\/{rel}","templated":true}]}}

<figure class="wp-block-image size-large"><img fetchpriority="high" decoding="async" width="546" height="321" src="https://iesnavarrovilloslada.educacion.navarra.es/web/adn/wp-content/uploads/sites/4/2020/02/RelatoInframundo.png" alt="" class="wp-image-453" srcset="https://iesnavarrovilloslada.educacion.navarra.es/web/adn/wp-content/uploads/sites/4/2020/02/RelatoInframundo.png 546w, https://iesnavarrovilloslada.educacion.navarra.es/web/adn/wp-content/uploads/sites/4/2020/02/RelatoInframundo-300x176.png 300w" sizes="(max-width: 546px) 100vw, 546px" /></figure>



<p>Os presento un relato que surge como respuesta a una pregunta de examen que realicé en el mes de noviembre. En aquel momento, mi profesora, Laina Rivera, me felicitó por la creatividad que había manifestado y me animó a que, con más tiempo y tranquilidad, transcribiera el texto a ordenador y revisara la redacción. Así lo hice y, gracias a sus consejos y su esmero por los detalles, os puedo presentar aquí el resultado.  Espero que os guste. <br></p>



<p>Me ha parecido oportuno presentaros también parte del escrito inicial realizado durante el <a rel="noreferrer noopener" aria-label=" (se abre en una nueva pestaña)" href="https://drive.google.com/drive/folders/1mzP_IvPrEBTqZZsnpDDgU0hTOTSyo7nE" target="_blank">examen</a>, para que comprobéis la evolución. Como os podéis imaginar, me gusta mucho escribir y espero que estas actividades me ayuden a mejorar la técnica.</p>



<p>Enlace al relato:<a rel="noreferrer noopener" aria-label=" https://drive.google.com/open?id=1QUup5_KaX9MoPsIuTHohRtU2IuaoZ5rK
 (se abre en una nueva pestaña)" href="https://drive.google.com/open?id=1QUup5_KaX9MoPsIuTHohRtU2IuaoZ5rK" target="_blank"> https://drive.google.com/open?id=1QUup5_KaX9MoPsIuTHohRtU2IuaoZ5rK<br></a></p>



<p>(El relato y las imágenes que contiene son parte de una actividad de aula, sin fines comerciales ni de distribución con cualquier otro fin que no sea el de la enseñanza y aprendizaje)</p>



<p>Aimée Rodríguez, 1ºBTO E<br></p>

<p>Os presento un relato que surge como respuesta a una pregunta de examen que realicé en el mes de noviembre. En aquel momento, mi profesora, Laina Rivera, me felicitó por la creatividad que había manifestado y me animó a que, con más tiempo y tranquilidad, transcribiera el texto a ordenador y revisara la redacción. Así [&hellip;]</p>
