{"id":441,"date":"2020-02-11T09:57:50","date_gmt":"2020-02-11T08:57:50","guid":{"rendered":"https:\/\/iesnavarrovilloslada.educacion.navarra.es\/web\/adn\/?post_type=articulos&#038;p=441"},"modified":"2020-02-11T09:57:50","modified_gmt":"2020-02-11T08:57:50","slug":"jenseits-der-stille","status":"publish","type":"articulos","link":"https:\/\/iesnavarrovilloslada.educacion.navarra.es\/web\/adn\/articulos\/jenseits-der-stille\/","title":{"rendered":"JENSEITS DER STILLE"},"content":{"rendered":"\n<p>In der letzten Unterrichtswoche vor den Weihnachtsferien haben wir den deutschen Film \u00abJenseits der Stille\u00bb gesehen. Dieser Film wurde im Jahr 1996 ver\u00f6ffentlicht. Er erz\u00e4hlt die Geschichte eines M\u00e4dchens (Lara), das seit ihrer Kindheit ihre taubstummen Eltern interpretieren muss. Lara liebt die Klarinette seit ihre Tante Clarissa ihr zu Weihnachten eine geschenkt hat. Dies ist etwas Wichtiges in der Geschichte, weil es einen Konflikt mit ihrem Vater Martin ausl\u00f6st.<\/p>\n\n\n\n<p>Meiner Meinung nach lehrt dieser Film eine sch\u00f6ne Geschichte, in der ein M\u00e4dchen erwachsene Dinge machen muss. Es zeigt auch die Schwierigkeiten im Leben von den taubstummen Menschen.<\/p>\n\n\n\n<p>Was mir am besten gefallen hat, war, als Lara Klarinette gespielt hat w\u00e4hrend ihr Vater im Auditorium war. Es war super f\u00fcr mich.<\/p>\n\n\n\n<p class=\"has-text-align-right\"><strong>Javier Estevez B 1\u00ba E<\/strong><\/p>\n","protected":false},"excerpt":{"rendered":"<p>In der letzten Unterrichtswoche vor den Weihnachtsferien haben wir den deutschen Film \u00abJenseits der Stille\u00bb gesehen. Dieser Film wurde im Jahr 1996 ver\u00f6ffentlicht. Er erz\u00e4hlt die Geschichte eines M\u00e4dchens (Lara), das seit ihrer Kindheit ihre taubstummen Eltern interpretieren muss. Lara liebt die Klarinette seit ihre Tante Clarissa ihr zu Weihnachten eine geschenkt hat. Dies ist [&hellip;]<\/p>\n","protected":false},"author":13,"featured_media":442,"menu_order":0,"comment_status":"closed","ping_status":"closed","template":"","format":"standard","meta":{"_genesis_hide_title":false,"_genesis_hide_breadcrumbs":false,"_genesis_hide_singular_image":false,"_genesis_hide_footer_widgets":false,"_genesis_custom_body_class":"","_genesis_custom_post_class":"","_genesis_layout":"","footnotes":"","_links_to":"","_links_to_target":""},"numero":[22],"seccion":[28],"idioma":[43],"class_list":{"0":"post-441","1":"articulos","2":"type-articulos","3":"status-publish","4":"format-standard","5":"has-post-thumbnail","7":"numero-numero-1","8":"seccion-opinion","9":"idioma-aleman","10":"entry"},"_links":{"self":[{"href":"https:\/\/iesnavarrovilloslada.educacion.navarra.es\/web\/adn\/wp-json\/wp\/v2\/articulos\/441","targetHints":{"allow":["GET"]}}],"collection":[{"href":"https:\/\/iesnavarrovilloslada.educacion.navarra.es\/web\/adn\/wp-json\/wp\/v2\/articulos"}],"about":[{"href":"https:\/\/iesnavarrovilloslada.educacion.navarra.es\/web\/adn\/wp-json\/wp\/v2\/types\/articulos"}],"author":[{"embeddable":true,"href":"https:\/\/iesnavarrovilloslada.educacion.navarra.es\/web\/adn\/wp-json\/wp\/v2\/users\/13"}],"replies":[{"embeddable":true,"href":"https:\/\/iesnavarrovilloslada.educacion.navarra.es\/web\/adn\/wp-json\/wp\/v2\/comments?post=441"}],"version-history":[{"count":2,"href":"https:\/\/iesnavarrovilloslada.educacion.navarra.es\/web\/adn\/wp-json\/wp\/v2\/articulos\/441\/revisions"}],"predecessor-version":[{"id":445,"href":"https:\/\/iesnavarrovilloslada.educacion.navarra.es\/web\/adn\/wp-json\/wp\/v2\/articulos\/441\/revisions\/445"}],"wp:featuredmedia":[{"embeddable":true,"href":"https:\/\/iesnavarrovilloslada.educacion.navarra.es\/web\/adn\/wp-json\/wp\/v2\/media\/442"}],"wp:attachment":[{"href":"https:\/\/iesnavarrovilloslada.educacion.navarra.es\/web\/adn\/wp-json\/wp\/v2\/media?parent=441"}],"wp:term":[{"taxonomy":"numero","embeddable":true,"href":"https:\/\/iesnavarrovilloslada.educacion.navarra.es\/web\/adn\/wp-json\/wp\/v2\/numero?post=441"},{"taxonomy":"seccion","embeddable":true,"href":"https:\/\/iesnavarrovilloslada.educacion.navarra.es\/web\/adn\/wp-json\/wp\/v2\/seccion?post=441"},{"taxonomy":"idioma","embeddable":true,"href":"https:\/\/iesnavarrovilloslada.educacion.navarra.es\/web\/adn\/wp-json\/wp\/v2\/idioma?post=441"}],"curies":[{"name":"wp","href":"https:\/\/api.w.org\/{rel}","templated":true}]}}

<p>In der letzten Unterrichtswoche vor den Weihnachtsferien haben wir den deutschen Film «Jenseits der Stille» gesehen. Dieser Film wurde im Jahr 1996 veröffentlicht. Er erzählt die Geschichte eines Mädchens (Lara), das seit ihrer Kindheit ihre taubstummen Eltern interpretieren muss. Lara liebt die Klarinette seit ihre Tante Clarissa ihr zu Weihnachten eine geschenkt hat. Dies ist etwas Wichtiges in der Geschichte, weil es einen Konflikt mit ihrem Vater Martin auslöst.</p>



<p>Meiner Meinung nach lehrt dieser Film eine schöne Geschichte, in der ein Mädchen erwachsene Dinge machen muss. Es zeigt auch die Schwierigkeiten im Leben von den taubstummen Menschen.</p>



<p>Was mir am besten gefallen hat, war, als Lara Klarinette gespielt hat während ihr Vater im Auditorium war. Es war super für mich.</p>



<p class="has-text-align-right"><strong>Javier Estevez B 1º E</strong></p>

<p>In der letzten Unterrichtswoche vor den Weihnachtsferien haben wir den deutschen Film «Jenseits der Stille» gesehen. Dieser Film wurde im Jahr 1996 veröffentlicht. Er erzählt die Geschichte eines Mädchens (Lara), das seit ihrer Kindheit ihre taubstummen Eltern interpretieren muss. Lara liebt die Klarinette seit ihre Tante Clarissa ihr zu Weihnachten eine geschenkt hat. Dies ist [&hellip;]</p>
