{"id":2212,"date":"2024-05-15T21:21:05","date_gmt":"2024-05-15T19:21:05","guid":{"rendered":"https:\/\/iesnavarrovilloslada.educacion.navarra.es\/web\/adn\/?post_type=articulos&#038;p=2212"},"modified":"2024-05-16T19:13:23","modified_gmt":"2024-05-16T17:13:23","slug":"das-schulsystem-in-deutschland","status":"publish","type":"articulos","link":"https:\/\/iesnavarrovilloslada.educacion.navarra.es\/web\/adn\/articulos\/das-schulsystem-in-deutschland\/","title":{"rendered":"Das Schulsystem in Deutschland"},"content":{"rendered":"\n<p>\u00a1Vaya aventura que fue mi mes en Alemania! Como estudiante de intercambio, me encontr\u00e9 inmerso en un sistema educativo completamente diferente al que estaba acostumbrado aqu\u00ed en Espa\u00f1a. Algunas de las diferencias m\u00e1s notables que experiment\u00e9 durante mi estancia son narradas en este art\u00edculo.<\/p>\n\n\n\n<p>En primer lugar, qued\u00e9 impresionado por la reputaci\u00f3n que tienen las escuelas alemanas. Desde el primer d\u00eda, pude notar la importancia de la excelencia acad\u00e9mica y la seriedad con la que se tomaban la educaci\u00f3n. Las instalaciones escolares eran modernas y bien equipadas, y los profesores eran muy respetados y exigentes. La cultura del estudio y el compromiso con el aprendizaje eran palpables en todo momento. Al instituto se iba con respeto y a estudiar a tope, una mentalidad muy diferente a la espa\u00f1ola.<\/p>\n\n\n\n<p>Una de las diferencias m\u00e1s grandes que not\u00e9 fue el enfoque en la autonom\u00eda y la responsabilidad de los estudiantes. En Alemania, se espera que los estudiantes se organicen y administren su tiempo de manera independiente. Los horarios son m\u00e1s flexibles y hay menos \u00e9nfasis en el control por parte de los profesores. Esto fue un cambio interesante para m\u00ed y los otros estudiantes espa\u00f1oles, ya que al no tener a nadie encima nos volvimos m\u00e1s aut\u00f3nomos y eficientes. Nos pareci\u00f3 que era una manera muy buena de educar a los alumnos de forma indirecta a ser autosuficientes y hacer todo por sus propios medios, como en una universidad.<\/p>\n\n\n\n<p>Adem\u00e1s, <strong>qued\u00e9 impresionado por el sistema de formaci\u00f3n profesional en Alemani<\/strong>a. A diferencia de Espa\u00f1a, donde la educaci\u00f3n t\u00e9cnica a menudo se percibe como una opci\u00f3n secundaria, en Alemania se valora enormemente. Los programas de formaci\u00f3n profesional ofrecen una combinaci\u00f3n \u00fanica de aprendizaje en el aula y experiencia pr\u00e1ctica en el lugar de trabajo, lo que prepara a los estudiantes para carreras exitosas en una variedad de campos. Con lo que respecta a los maestros, para ense\u00f1ar en un instituto hay que tener una doble titulaci\u00f3n y varios a\u00f1os ejerci\u00e9ndola.<\/p>\n\n\n\n<p>Sin embargo, tambi\u00e9n not\u00e9 algunas diferencias en cuanto a la diversidad y la inclusi\u00f3n en las escuelas alemanas. Aunque hab\u00eda estudiantes de diferentes or\u00edgenes culturales, not\u00e9 que <strong>la diversidad no era tan grande y profunda como en Espa\u00f1a<\/strong>. Esto me hizo ver que aunque puede que no lo percibamos todos los d\u00edas, aqu\u00ed tenemos una variedad \u00e9tnica muy bonita que enriquece nuestra cultura.<\/p>\n\n\n\n<p>Autor: Mario Elizari Vergara (3\u00ba ESO A)<\/p>\n\n\n\n<figure class=\"wp-block-image size-full\"><img fetchpriority=\"high\" decoding=\"async\" width=\"421\" height=\"120\" src=\"https:\/\/iesnavarrovilloslada.educacion.navarra.es\/web\/adn\/wp-content\/uploads\/sites\/4\/2024\/05\/Sin-titulo-1.jpg\" alt=\"\" class=\"wp-image-2215\" srcset=\"https:\/\/iesnavarrovilloslada.educacion.navarra.es\/web\/adn\/wp-content\/uploads\/sites\/4\/2024\/05\/Sin-titulo-1.jpg 421w, https:\/\/iesnavarrovilloslada.educacion.navarra.es\/web\/adn\/wp-content\/uploads\/sites\/4\/2024\/05\/Sin-titulo-1-300x86.jpg 300w\" sizes=\"(max-width: 421px) 100vw, 421px\" \/><figcaption class=\"wp-element-caption\">El instituto Gymnasium am Rotenb\u00fchl en el que estuvieron los alumnos de intercambio de Alem\u00e1n.<\/figcaption><\/figure>\n","protected":false},"excerpt":{"rendered":"<p>\u00a1Vaya aventura que fue mi mes en Alemania! Como estudiante de intercambio, me encontr\u00e9 inmerso en un sistema educativo completamente diferente al que estaba acostumbrado aqu\u00ed en Espa\u00f1a. Algunas de las diferencias m\u00e1s notables que experiment\u00e9 durante mi estancia son narradas en este art\u00edculo. En primer lugar, qued\u00e9 impresionado por la reputaci\u00f3n que tienen las [&hellip;]<\/p>\n","protected":false},"author":21,"featured_media":2214,"menu_order":0,"comment_status":"closed","ping_status":"closed","template":"","format":"standard","meta":{"_genesis_hide_title":false,"_genesis_hide_breadcrumbs":false,"_genesis_hide_singular_image":false,"_genesis_hide_footer_widgets":false,"_genesis_custom_body_class":"","_genesis_custom_post_class":"","_genesis_layout":"","footnotes":"","_links_to":"","_links_to_target":""},"numero":[54],"seccion":[28],"idioma":[38],"class_list":{"0":"post-2212","1":"articulos","2":"type-articulos","3":"status-publish","4":"format-standard","5":"has-post-thumbnail","7":"numero-numero-5","8":"seccion-opinion","9":"idioma-espanol","10":"entry"},"_links":{"self":[{"href":"https:\/\/iesnavarrovilloslada.educacion.navarra.es\/web\/adn\/wp-json\/wp\/v2\/articulos\/2212","targetHints":{"allow":["GET"]}}],"collection":[{"href":"https:\/\/iesnavarrovilloslada.educacion.navarra.es\/web\/adn\/wp-json\/wp\/v2\/articulos"}],"about":[{"href":"https:\/\/iesnavarrovilloslada.educacion.navarra.es\/web\/adn\/wp-json\/wp\/v2\/types\/articulos"}],"author":[{"embeddable":true,"href":"https:\/\/iesnavarrovilloslada.educacion.navarra.es\/web\/adn\/wp-json\/wp\/v2\/users\/21"}],"replies":[{"embeddable":true,"href":"https:\/\/iesnavarrovilloslada.educacion.navarra.es\/web\/adn\/wp-json\/wp\/v2\/comments?post=2212"}],"version-history":[{"count":3,"href":"https:\/\/iesnavarrovilloslada.educacion.navarra.es\/web\/adn\/wp-json\/wp\/v2\/articulos\/2212\/revisions"}],"predecessor-version":[{"id":2258,"href":"https:\/\/iesnavarrovilloslada.educacion.navarra.es\/web\/adn\/wp-json\/wp\/v2\/articulos\/2212\/revisions\/2258"}],"wp:featuredmedia":[{"embeddable":true,"href":"https:\/\/iesnavarrovilloslada.educacion.navarra.es\/web\/adn\/wp-json\/wp\/v2\/media\/2214"}],"wp:attachment":[{"href":"https:\/\/iesnavarrovilloslada.educacion.navarra.es\/web\/adn\/wp-json\/wp\/v2\/media?parent=2212"}],"wp:term":[{"taxonomy":"numero","embeddable":true,"href":"https:\/\/iesnavarrovilloslada.educacion.navarra.es\/web\/adn\/wp-json\/wp\/v2\/numero?post=2212"},{"taxonomy":"seccion","embeddable":true,"href":"https:\/\/iesnavarrovilloslada.educacion.navarra.es\/web\/adn\/wp-json\/wp\/v2\/seccion?post=2212"},{"taxonomy":"idioma","embeddable":true,"href":"https:\/\/iesnavarrovilloslada.educacion.navarra.es\/web\/adn\/wp-json\/wp\/v2\/idioma?post=2212"}],"curies":[{"name":"wp","href":"https:\/\/api.w.org\/{rel}","templated":true}]}}

<p>¡Vaya aventura que fue mi mes en Alemania! Como estudiante de intercambio, me encontré inmerso en un sistema educativo completamente diferente al que estaba acostumbrado aquí en España. Algunas de las diferencias más notables que experimenté durante mi estancia son narradas en este artículo.</p>



<p>En primer lugar, quedé impresionado por la reputación que tienen las escuelas alemanas. Desde el primer día, pude notar la importancia de la excelencia académica y la seriedad con la que se tomaban la educación. Las instalaciones escolares eran modernas y bien equipadas, y los profesores eran muy respetados y exigentes. La cultura del estudio y el compromiso con el aprendizaje eran palpables en todo momento. Al instituto se iba con respeto y a estudiar a tope, una mentalidad muy diferente a la española.</p>



<p>Una de las diferencias más grandes que noté fue el enfoque en la autonomía y la responsabilidad de los estudiantes. En Alemania, se espera que los estudiantes se organicen y administren su tiempo de manera independiente. Los horarios son más flexibles y hay menos énfasis en el control por parte de los profesores. Esto fue un cambio interesante para mí y los otros estudiantes españoles, ya que al no tener a nadie encima nos volvimos más autónomos y eficientes. Nos pareció que era una manera muy buena de educar a los alumnos de forma indirecta a ser autosuficientes y hacer todo por sus propios medios, como en una universidad.</p>



<p>Además, <strong>quedé impresionado por el sistema de formación profesional en Alemani</strong>a. A diferencia de España, donde la educación técnica a menudo se percibe como una opción secundaria, en Alemania se valora enormemente. Los programas de formación profesional ofrecen una combinación única de aprendizaje en el aula y experiencia práctica en el lugar de trabajo, lo que prepara a los estudiantes para carreras exitosas en una variedad de campos. Con lo que respecta a los maestros, para enseñar en un instituto hay que tener una doble titulación y varios años ejerciéndola.</p>



<p>Sin embargo, también noté algunas diferencias en cuanto a la diversidad y la inclusión en las escuelas alemanas. Aunque había estudiantes de diferentes orígenes culturales, noté que <strong>la diversidad no era tan grande y profunda como en España</strong>. Esto me hizo ver que aunque puede que no lo percibamos todos los días, aquí tenemos una variedad étnica muy bonita que enriquece nuestra cultura.</p>



<p>Autor: Mario Elizari Vergara (3º ESO A)</p>



<figure class="wp-block-image size-full"><img fetchpriority="high" decoding="async" width="421" height="120" src="https://iesnavarrovilloslada.educacion.navarra.es/web/adn/wp-content/uploads/sites/4/2024/05/Sin-titulo-1.jpg" alt="" class="wp-image-2215" srcset="https://iesnavarrovilloslada.educacion.navarra.es/web/adn/wp-content/uploads/sites/4/2024/05/Sin-titulo-1.jpg 421w, https://iesnavarrovilloslada.educacion.navarra.es/web/adn/wp-content/uploads/sites/4/2024/05/Sin-titulo-1-300x86.jpg 300w" sizes="(max-width: 421px) 100vw, 421px" /><figcaption class="wp-element-caption">El instituto Gymnasium am Rotenbühl en el que estuvieron los alumnos de intercambio de Alemán.</figcaption></figure>

<p>¡Vaya aventura que fue mi mes en Alemania! Como estudiante de intercambio, me encontré inmerso en un sistema educativo completamente diferente al que estaba acostumbrado aquí en España. Algunas de las diferencias más notables que experimenté durante mi estancia son narradas en este artículo. En primer lugar, quedé impresionado por la reputación que tienen las [&hellip;]</p>
