{"id":1522,"date":"2023-02-02T08:42:07","date_gmt":"2023-02-02T07:42:07","guid":{"rendered":"https:\/\/iesnavarrovilloslada.educacion.navarra.es\/web\/adn\/?post_type=articulos&#038;p=1522"},"modified":"2023-02-07T09:06:13","modified_gmt":"2023-02-07T08:06:13","slug":"leducation-au-maroc","status":"publish","type":"articulos","link":"https:\/\/iesnavarrovilloslada.educacion.navarra.es\/web\/adn\/articulos\/leducation-au-maroc\/","title":{"rendered":"L&#8217;\u00e9ducation au Maroc"},"content":{"rendered":"\n<p>Bonjours a tous,<\/p>\n\n\n<div class=\"wp-block-image\">\n<figure class=\"alignright size-large is-resized\"><img decoding=\"async\" src=\"https:\/\/iesnavarrovilloslada.educacion.navarra.es\/web\/adn\/wp-content\/uploads\/sites\/4\/2023\/02\/IMG-20221213-WA0011-1024x768.jpg\" alt=\"\" class=\"wp-image-1814\" width=\"-32\" height=\"-23\" srcset=\"https:\/\/iesnavarrovilloslada.educacion.navarra.es\/web\/adn\/wp-content\/uploads\/sites\/4\/2023\/02\/IMG-20221213-WA0011-1024x768.jpg 1024w, https:\/\/iesnavarrovilloslada.educacion.navarra.es\/web\/adn\/wp-content\/uploads\/sites\/4\/2023\/02\/IMG-20221213-WA0011-300x225.jpg 300w, https:\/\/iesnavarrovilloslada.educacion.navarra.es\/web\/adn\/wp-content\/uploads\/sites\/4\/2023\/02\/IMG-20221213-WA0011-768x576.jpg 768w, https:\/\/iesnavarrovilloslada.educacion.navarra.es\/web\/adn\/wp-content\/uploads\/sites\/4\/2023\/02\/IMG-20221213-WA0011-1536x1152.jpg 1536w, https:\/\/iesnavarrovilloslada.educacion.navarra.es\/web\/adn\/wp-content\/uploads\/sites\/4\/2023\/02\/IMG-20221213-WA0011-320x240.jpg 320w, https:\/\/iesnavarrovilloslada.educacion.navarra.es\/web\/adn\/wp-content\/uploads\/sites\/4\/2023\/02\/IMG-20221213-WA0011.jpg 1600w\" sizes=\"(max-width: 1024px) 100vw, 1024px\" \/><figcaption class=\"wp-element-caption\">Alumnado de 1\u00ba D BTO, con Imane Oulali en el centro.<\/figcaption><\/figure><\/div>\n\n\n<p>Je m\u2019appelle Imane. Je suis venu en Espagne il y a un an. J\u2019ai su qu&#8217;il y avait une grande diff\u00e9rence entre le syst\u00e8me \u00e9ducatif de mon pays le Maroc et l\u2019Espagne.<\/p>\n\n\n\n<p class=\"has-normal-font-size\">Au Maroc, il y a 6 ans d\u2019\u00e9cole primaire, 3 ans de coll\u00e8ge et 3 ans de lyc\u00e9e. Dans la premi\u00e8re ann\u00e9e du bac il y a un examen r\u00e9gional, et dans la deuxi\u00e8me ann\u00e9e du bac il y a un examen national. Et il n\u2019y a que deux trimestres par an. En Espagne, il y a trois trimestres par an et un examen \u00e0 la fin de terminale pour entrer \u00e0 l\u2019universit\u00e9. En plus au Maroc les mati\u00e8res sont classifi\u00e9es par des coefficients, mais en Espagne elles sont toutes \u00e9gales.<\/p>\n\n\n\n<p>En termes de tenue vestimentaire, en Espagne il n\u2019y a pas de r\u00e8gles dans les \u00e9coles publiques, mais au Maroc le tablier est obligatoire pour les filles dans la plupart des \u00e9coles et dans certaines c\u2019est aussi pour les gar\u00e7ons.<\/p>\n\n\n\n<p>En termes de relation entre les professeurs et les \u00e9l\u00e8ves au Maroc, les \u00e9l\u00e8ves doivent respecter le professeur dans toutes les d\u00e9cisions qu\u2019il prend concernant la classe et les examens. En Espagne il existe une relation amicale entre les \u00e9l\u00e8ves et les professeurs, le professeur demande aux \u00e9l\u00e8ves leur avis sur beaucoup de choses, mais ils partagent les deux dans le m\u00eame bon traitement.<\/p>\n\n\n\n<p>Pour les examens au Maroc, vous n\u2019avez qu\u2019une seule chance pour chaque examen, mais en Espagne il existe de nombreuses possibilit\u00e9s de passer et d\u2019am\u00e9liorer les r\u00e9sultats.<\/p>\n\n\n\n<p>Ce que j\u2019aime dans le syst\u00e8me \u00e9ducatif de l\u2019Espagne c\u2019est la relation entre l\u2019\u00e9l\u00e8ve et leurs professeurs, et les nombreuses opportunit\u00e9s donn\u00e9es aux \u00e9l\u00e8ves pour am\u00e9liorer leur niveau acad\u00e9mique, surtout aux examens. Je pense que le syst\u00e8me \u00e9ducatif d\u2019Espagne c\u2019est bien, n&#8217;a besoin de rien.<\/p>\n\n\n\n<p>Je suis d\u00e9tendue et heureuse ici, mais le seul obstacle auquel je suis confront\u00e9 pour arriver \u00e0 ce que je veux est la langue, mais je m\u2019efforcerai pour bien la ma\u00eetriser.<\/p>\n\n\n\n<p><em><strong>Imane Oulali (BTO 1\u00ba D)<\/strong><\/em><\/p>\n","protected":false},"excerpt":{"rendered":"<p>Bonjours a tous, Je m\u2019appelle Imane. Je suis venu en Espagne il y a un an. J\u2019ai su qu&#8217;il y avait une grande diff\u00e9rence entre le syst\u00e8me \u00e9ducatif de mon pays le Maroc et l\u2019Espagne. Au Maroc, il y a 6 ans d\u2019\u00e9cole primaire, 3 ans de coll\u00e8ge et 3 ans de lyc\u00e9e. Dans la [&hellip;]<\/p>\n","protected":false},"author":22,"featured_media":1814,"menu_order":0,"comment_status":"closed","ping_status":"closed","template":"","format":"standard","meta":{"_genesis_hide_title":false,"_genesis_hide_breadcrumbs":false,"_genesis_hide_singular_image":false,"_genesis_hide_footer_widgets":false,"_genesis_custom_body_class":"","_genesis_custom_post_class":"","_genesis_layout":"","footnotes":"","_links_to":"","_links_to_target":""},"numero":[53],"seccion":[28],"idioma":[42],"class_list":{"0":"post-1522","1":"articulos","2":"type-articulos","3":"status-publish","4":"format-standard","5":"has-post-thumbnail","7":"numero-numero-4","8":"seccion-opinion","9":"idioma-frances","10":"entry"},"_links":{"self":[{"href":"https:\/\/iesnavarrovilloslada.educacion.navarra.es\/web\/adn\/wp-json\/wp\/v2\/articulos\/1522","targetHints":{"allow":["GET"]}}],"collection":[{"href":"https:\/\/iesnavarrovilloslada.educacion.navarra.es\/web\/adn\/wp-json\/wp\/v2\/articulos"}],"about":[{"href":"https:\/\/iesnavarrovilloslada.educacion.navarra.es\/web\/adn\/wp-json\/wp\/v2\/types\/articulos"}],"author":[{"embeddable":true,"href":"https:\/\/iesnavarrovilloslada.educacion.navarra.es\/web\/adn\/wp-json\/wp\/v2\/users\/22"}],"replies":[{"embeddable":true,"href":"https:\/\/iesnavarrovilloslada.educacion.navarra.es\/web\/adn\/wp-json\/wp\/v2\/comments?post=1522"}],"version-history":[{"count":7,"href":"https:\/\/iesnavarrovilloslada.educacion.navarra.es\/web\/adn\/wp-json\/wp\/v2\/articulos\/1522\/revisions"}],"predecessor-version":[{"id":1818,"href":"https:\/\/iesnavarrovilloslada.educacion.navarra.es\/web\/adn\/wp-json\/wp\/v2\/articulos\/1522\/revisions\/1818"}],"wp:featuredmedia":[{"embeddable":true,"href":"https:\/\/iesnavarrovilloslada.educacion.navarra.es\/web\/adn\/wp-json\/wp\/v2\/media\/1814"}],"wp:attachment":[{"href":"https:\/\/iesnavarrovilloslada.educacion.navarra.es\/web\/adn\/wp-json\/wp\/v2\/media?parent=1522"}],"wp:term":[{"taxonomy":"numero","embeddable":true,"href":"https:\/\/iesnavarrovilloslada.educacion.navarra.es\/web\/adn\/wp-json\/wp\/v2\/numero?post=1522"},{"taxonomy":"seccion","embeddable":true,"href":"https:\/\/iesnavarrovilloslada.educacion.navarra.es\/web\/adn\/wp-json\/wp\/v2\/seccion?post=1522"},{"taxonomy":"idioma","embeddable":true,"href":"https:\/\/iesnavarrovilloslada.educacion.navarra.es\/web\/adn\/wp-json\/wp\/v2\/idioma?post=1522"}],"curies":[{"name":"wp","href":"https:\/\/api.w.org\/{rel}","templated":true}]}}

L&#8217;éducation au Maroc

<p>Bonjours a tous,</p>


<div class="wp-block-image">
<figure class="alignright size-large is-resized"><img decoding="async" src="https://iesnavarrovilloslada.educacion.navarra.es/web/adn/wp-content/uploads/sites/4/2023/02/IMG-20221213-WA0011-1024x768.jpg" alt="" class="wp-image-1814" width="-32" height="-23" srcset="https://iesnavarrovilloslada.educacion.navarra.es/web/adn/wp-content/uploads/sites/4/2023/02/IMG-20221213-WA0011-1024x768.jpg 1024w, https://iesnavarrovilloslada.educacion.navarra.es/web/adn/wp-content/uploads/sites/4/2023/02/IMG-20221213-WA0011-300x225.jpg 300w, https://iesnavarrovilloslada.educacion.navarra.es/web/adn/wp-content/uploads/sites/4/2023/02/IMG-20221213-WA0011-768x576.jpg 768w, https://iesnavarrovilloslada.educacion.navarra.es/web/adn/wp-content/uploads/sites/4/2023/02/IMG-20221213-WA0011-1536x1152.jpg 1536w, https://iesnavarrovilloslada.educacion.navarra.es/web/adn/wp-content/uploads/sites/4/2023/02/IMG-20221213-WA0011-320x240.jpg 320w, https://iesnavarrovilloslada.educacion.navarra.es/web/adn/wp-content/uploads/sites/4/2023/02/IMG-20221213-WA0011.jpg 1600w" sizes="(max-width: 1024px) 100vw, 1024px" /><figcaption class="wp-element-caption">Alumnado de 1º D BTO, con Imane Oulali en el centro.</figcaption></figure></div>


<p>Je m’appelle Imane. Je suis venu en Espagne il y a un an. J’ai su qu&#8217;il y avait une grande différence entre le système éducatif de mon pays le Maroc et l’Espagne.</p>



<p class="has-normal-font-size">Au Maroc, il y a 6 ans d’école primaire, 3 ans de collège et 3 ans de lycée. Dans la première année du bac il y a un examen régional, et dans la deuxième année du bac il y a un examen national. Et il n’y a que deux trimestres par an. En Espagne, il y a trois trimestres par an et un examen à la fin de terminale pour entrer à l’université. En plus au Maroc les matières sont classifiées par des coefficients, mais en Espagne elles sont toutes égales.</p>



<p>En termes de tenue vestimentaire, en Espagne il n’y a pas de règles dans les écoles publiques, mais au Maroc le tablier est obligatoire pour les filles dans la plupart des écoles et dans certaines c’est aussi pour les garçons.</p>



<p>En termes de relation entre les professeurs et les élèves au Maroc, les élèves doivent respecter le professeur dans toutes les décisions qu’il prend concernant la classe et les examens. En Espagne il existe une relation amicale entre les élèves et les professeurs, le professeur demande aux élèves leur avis sur beaucoup de choses, mais ils partagent les deux dans le même bon traitement.</p>



<p>Pour les examens au Maroc, vous n’avez qu’une seule chance pour chaque examen, mais en Espagne il existe de nombreuses possibilités de passer et d’améliorer les résultats.</p>



<p>Ce que j’aime dans le système éducatif de l’Espagne c’est la relation entre l’élève et leurs professeurs, et les nombreuses opportunités données aux élèves pour améliorer leur niveau académique, surtout aux examens. Je pense que le système éducatif d’Espagne c’est bien, n&#8217;a besoin de rien.</p>



<p>Je suis détendue et heureuse ici, mais le seul obstacle auquel je suis confronté pour arriver à ce que je veux est la langue, mais je m’efforcerai pour bien la maîtriser.</p>



<p><em><strong>Imane Oulali (BTO 1º D)</strong></em></p>

<p>Bonjours a tous, Je m’appelle Imane. Je suis venu en Espagne il y a un an. J’ai su qu&#8217;il y avait une grande différence entre le système éducatif de mon pays le Maroc et l’Espagne. Au Maroc, il y a 6 ans d’école primaire, 3 ans de collège et 3 ans de lycée. Dans la [&hellip;]</p>
